000
CDUS42 KJAX 250531
CLIJAX


CLIMATE REPORT
NATIONAL WEATHER SERVICE JACKSONVILLE FL
131 AM EDT SAT APR 25 2015


...................................

...THE JACKSONVILLE CLIMATE SUMMARY FOR APRIL 24 2015...

CLIMATE NORMAL PERIOD 1981 TO 2010
CLIMATE RECORD PERIOD 1871 TO 2015


WEATHER ITEM   OBSERVED TIME   RECORD YEAR NORMAL DEPARTURE LAST
                VALUE   (LST)  VALUE       VALUE  FROM      YEAR
                                                  NORMAL
..................................................................
TEMPERATURE (F)
 YESTERDAY
  MAXIMUM         75    200 PM  93    1999  81     -6       83
                                      1967
                                      1958
  MINIMUM         61   1109 PM  39    1986  56      5       61
  AVERAGE         68                        69     -1       72

PRECIPITATION (IN)
  YESTERDAY        0.00          1.04 1933   0.07  -0.07     0.00
  MONTH TO DATE    1.75                      2.22  -0.47     5.61
  SINCE MAR 1      4.04                      6.17  -2.13    10.26
  SINCE JAN 1     10.44                     12.66  -2.22    19.97

SNOWFALL (IN)
  YESTERDAY        0.0           0.0  2002   0.0    0.0      0.0
                                      2001
  MONTH TO DATE    0.0                       0.0    0.0      0.0
  SINCE MAR 1      0.0                       T      0.0      0.0
  SINCE JUL 1      T                         T      0.0      0.0
  SNOW DEPTH       0

DEGREE DAYS
 HEATING
  YESTERDAY        0                         1     -1        0
  MONTH TO DATE    0                        50    -50       27
  SINCE MAR 1     87                       206   -119      226
  SINCE JUL 1   1335                      1339     -4     1303

 COOLING
  YESTERDAY        3                         5     -2        7
  MONTH TO DATE  182                        82    100       76
  SINCE MAR 1    285                       136    149      104
  SINCE JAN 1    298                       165    133      134
..................................................................


WIND (MPH)
  HIGHEST WIND SPEED    20   HIGHEST WIND DIRECTION     E (70)
  HIGHEST GUST SPEED    24   HIGHEST GUST DIRECTION    NE (60)
  AVERAGE WIND SPEED     7.7


SKY COVER
  POSSIBLE SUNSHINE  MM
  AVERAGE SKY COVER 0.5


WEATHER CONDITIONS
 THE FOLLOWING WEATHER WAS RECORDED YESTERDAY.
  NO SIGNIFICANT WEATHER WAS OBSERVED.


RELATIVE HUMIDITY (PERCENT)
 HIGHEST    90           500 AM
 LOWEST     44           900 AM
 AVERAGE    67

..........................................................


THE JACKSONVILLE CLIMATE NORMALS FOR TODAY
                         NORMAL    RECORD    YEAR
 MAXIMUM TEMPERATURE (F)   81        92      1958
 MINIMUM TEMPERATURE (F)   57        40      2005


SUNRISE AND SUNSET
APRIL 25 2015.........SUNRISE   649 AM EDT   SUNSET   801 PM EDT
APRIL 26 2015.........SUNRISE   648 AM EDT   SUNSET   801 PM EDT


-  INDICATES NEGATIVE NUMBERS.
R  INDICATES RECORD WAS SET OR TIED.
MM INDICATES DATA IS MISSING.
T  INDICATES TRACE AMOUNT.




$$
