000
CDUS43 KGRR 020512
CLIJXN


CLIMATE REPORT
NATIONAL WEATHER SERVICE GRAND RAPIDS, MI
112 AM EDT THU APR 2 2015


...................................

...THE JACKSON MI CLIMATE SUMMARY FOR APRIL 1 2015...

CLIMATE NORMAL PERIOD 1981 TO 2010
CLIMATE RECORD PERIOD 1944 TO 9999


WEATHER ITEM   OBSERVED TIME   NORMAL DEPARTURE LAST
                VALUE   (LST)  VALUE  FROM      YEAR
                                      NORMAL
......................................................
TEMPERATURE (F)
 YESTERDAY
  MAXIMUM         65    511 PM  53     12       56
  MINIMUM         26    648 AM  32     -6       36
  AVERAGE         46            42      4       46

PRECIPITATION (IN)
  YESTERDAY        0.00          0.08  -0.08     0.02
  MONTH TO DATE    0.00          0.08  -0.08     0.02
  SINCE MAR 1      0.48          1.98  -1.50     1.93
  SINCE JAN 1      2.56          4.76  -2.20     6.21

DEGREE DAYS
 HEATING
  YESTERDAY       19            23     -4       19
  MONTH TO DATE   19            23     -4       19
  SINCE MAR 1   1013           933     80     1194
  SINCE JUL 1   6517          5847    670     6758

 COOLING
  YESTERDAY        0             0      0        0
  MONTH TO DATE    0             0      0        0
  SINCE MAR 1      0             0      0        0
  SINCE JAN 1      0             0      0        0
......................................................


WIND (MPH)
  RESULTANT WIND SPEED   5   RESULTANT WIND DIRECTION  SW (210)
  HIGHEST WIND SPEED    16   HIGHEST WIND DIRECTION     S (190)
  HIGHEST GUST SPEED    21   HIGHEST GUST DIRECTION     S (180)
  AVERAGE WIND SPEED     6.7


SKY COVER
  AVERAGE SKY COVER 0.1


WEATHER CONDITIONS
 THE FOLLOWING WEATHER WAS RECORDED YESTERDAY.
  NO SIGNIFICANT WEATHER WAS OBSERVED.


RELATIVE HUMIDITY (PERCENT)
 HIGHEST    92           400 AM
 LOWEST     28           500 PM
 AVERAGE    60

..........................................................


THE JACKSON MI CLIMATE NORMALS FOR TODAY
                         NORMAL
 MAXIMUM TEMPERATURE (F)   53
 MINIMUM TEMPERATURE (F)   32


SUNRISE AND SUNSET
APRIL  2 2015.........SUNRISE   719 AM EDT   SUNSET   805 PM EDT
APRIL  3 2015.........SUNRISE   717 AM EDT   SUNSET   806 PM EDT


-  INDICATES NEGATIVE NUMBERS.
R  INDICATES RECORD WAS SET OR TIED.
MM INDICATES DATA IS MISSING.
T  INDICATES TRACE AMOUNT.




$$
