000
CDUS45 KCYS 190729
CLILAR


CLIMATE REPORT
NATIONAL WEATHER SERVICE CHEYENNE WY
128 AM MDT SUN APR 19 2015


...................................

...THE LARAMIE WY AIRPORT CLIMATE SUMMARY FOR APRIL 18 2015...

CLIMATE NORMAL PERIOD 1981 TO 2010
CLIMATE RECORD PERIOD 1948 TO 2015


WEATHER ITEM   OBSERVED TIME   RECORD YEAR NORMAL DEPARTURE LAST
                VALUE   (LST)  VALUE       VALUE  FROM      YEAR
                                                  NORMAL
..................................................................
TEMPERATURE (F)
 YESTERDAY
  MAXIMUM         37    234 PM  72    1981  52    -15       69
  MINIMUM         25   1201 AM  -3    2013  25      0       37
  AVERAGE         31                        38     -7       53

PRECIPITATION (IN)
  YESTERDAY        0.34          0.49 2011   0.03   0.31     0.00
  MONTH TO DATE    1.12                      0.56   0.56     0.55
  SINCE JAN 1      2.08                      1.75   0.33     2.28

DEGREE DAYS
 HEATING
  YESTERDAY       34                        27      7       12
  MONTH TO DATE  505                       521    -16      508
  SINCE MAR 1   1374                      1580   -206     1505
  SINCE JUL 1   7051                      7756   -705     7549

 COOLING
  YESTERDAY        0                         0      0        0
  MONTH TO DATE    0                         0      0        0
  SINCE MAR 1      0                         0      0        0
  SINCE JAN 1      0                         0      0        0
..................................................................


WIND (MPH)
  HIGHEST WIND SPEED    21   HIGHEST WIND DIRECTION     N (350)
  HIGHEST GUST SPEED    25   HIGHEST GUST DIRECTION     N (360)
  AVERAGE WIND SPEED     8.2


SKY COVER
  AVERAGE SKY COVER 1.0


WEATHER CONDITIONS
 THE FOLLOWING WEATHER WAS RECORDED YESTERDAY.
  SNOW
  LIGHT SNOW
  FOG
  FOG W/VISIBILITY <= 1/4 MILE


RELATIVE HUMIDITY (PERCENT)
 HIGHEST   100           100 AM
 LOWEST     82           300 PM
 AVERAGE    91

..........................................................


THE LARAMIE WY AIRPORT CLIMATE NORMALS FOR TODAY
                         NORMAL    RECORD    YEAR
 MAXIMUM TEMPERATURE (F)   52        73      1962
 MINIMUM TEMPERATURE (F)   25         4      1966


SUNRISE AND SUNSET
APRIL 19 2015.........SUNRISE   617 AM MDT   SUNSET   747 PM MDT
APRIL 20 2015.........SUNRISE   616 AM MDT   SUNSET   748 PM MDT


-  INDICATES NEGATIVE NUMBERS.
R  INDICATES RECORD WAS SET OR TIED.
MM INDICATES DATA IS MISSING.
T  INDICATES TRACE AMOUNT.




$$
