000
CDUS44 KLUB 032227
CLILBB


CLIMATE REPORT
NATIONAL WEATHER SERVICE LUBBOCK, TX
526 PM CDT SUN MAY 3 2015


...................................

...THE LUBBOCK CLIMATE SUMMARY FOR MAY 3 2015...
VALID TODAY AS OF 0500 PM LOCAL TIME.

CLIMATE NORMAL PERIOD 1981 TO 2010
CLIMATE RECORD PERIOD 1911 TO 2015


WEATHER ITEM   OBSERVED TIME   RECORD YEAR NORMAL DEPARTURE LAST
                VALUE   (LST)  VALUE       VALUE  FROM      YEAR
                                                  NORMAL
..................................................................
TEMPERATURE (F)
 TODAY
  MAXIMUM         89    330 PM  98    2012  80      9       92
                                      1996
                                      1940
  MINIMUM         56    617 AM  27    2013  52      4       46
  AVERAGE         73                        66      7       69

PRECIPITATION (IN)
  TODAY            0.00          1.44 1941   0.05  -0.05     0.00
  MONTH TO DATE    0.00                      0.16  -0.16     0.00
  SINCE MAR 1      1.54                      2.67  -1.13     0.74
  SINCE JAN 1      3.81                      4.07  -0.26     0.90

SNOWFALL (IN)
  TODAY            0.0           0.0  2002   0.0    0.0      0.0
  MONTH TO DATE    0.0                       0.0    0.0      0.0
  SINCE MAR 1      1.1                       0.8    0.3       T
  SINCE JUL 1     14.7                       8.2    6.5      4.2
  SNOW DEPTH       0

DEGREE DAYS
 HEATING
  TODAY            0                         2     -2        0
  MONTH TO DATE    0                         8     -8       17
  SINCE MAR 1    512                       606    -94      627
  SINCE JUL 1   3231                      3345   -114     3479

 COOLING
  TODAY            8                         3      5        4
  MONTH TO DATE   12                         9      3        4
  SINCE MAR 1     67                        65      2       62
  SINCE JAN 1     67                        65      2       62
..................................................................


WIND (MPH)
  RESULTANT WIND SPEED  14   RESULTANT WIND DIRECTION   S (180)
  HIGHEST WIND SPEED    28   HIGHEST WIND DIRECTION     S (160)
  HIGHEST GUST SPEED    34   HIGHEST GUST DIRECTION     S (160)
  AVERAGE WIND SPEED    15.2


SKY COVER
  AVERAGE SKY COVER 0.6


WEATHER CONDITIONS
 THE FOLLOWING WEATHER WAS RECORDED TODAY.
  NO SIGNIFICANT WEATHER WAS OBSERVED.


RELATIVE HUMIDITY (PERCENT)
 HIGHEST    66           500 AM
 LOWEST     21           300 PM
 AVERAGE    44

..........................................................


THE LUBBOCK CLIMATE NORMALS FOR TOMORROW
                         NORMAL    RECORD    YEAR
 MAXIMUM TEMPERATURE (F)   81       104      1947
 MINIMUM TEMPERATURE (F)   52        35      1935
                                             1933


SUNRISE AND SUNSET
MAY  3 2015...........SUNRISE   657 AM CDT   SUNSET   832 PM CDT
MAY  4 2015...........SUNRISE   656 AM CDT   SUNSET   833 PM CDT


-  INDICATES NEGATIVE NUMBERS.
R  INDICATES RECORD WAS SET OR TIED.
MM INDICATES DATA IS MISSING.
T  INDICATES TRACE AMOUNT.




$$
