000
CDUS44 KSHV 030733
CLILFK


CLIMATE REPORT
NATIONAL WEATHER SERVICE SHREVEPORT, LA
233 AM CDT SUN MAY 3 2015


...................................

...THE LUFKIN CLIMATE SUMMARY FOR MAY 2 2015...

CLIMATE NORMAL PERIOD 1981 TO 2010
CLIMATE RECORD PERIOD 1906 TO 2015


WEATHER ITEM   OBSERVED TIME   RECORD YEAR NORMAL DEPARTURE LAST
                VALUE   (LST)  VALUE       VALUE  FROM      YEAR
                                                  NORMAL
..................................................................
TEMPERATURE (F)
 YESTERDAY
  MAXIMUM         86    146 PM  93    1943  82      4       82
  MINIMUM         59    551 AM  39    1909  60     -1       50
  AVERAGE         73                        71      2       66

PRECIPITATION (IN)
  YESTERDAY        0.00          4.67 1916   0.13  -0.13     0.00
  MONTH TO DATE    0.00                      0.27  -0.27     0.00
  SINCE DEC 1     22.38                     19.59   2.79    10.45
  SINCE JAN 1     20.33                     15.15   5.18     8.24

SNOWFALL (IN)
  YESTERDAY        0.0
  MONTH TO DATE    0.0
  SINCE MAR 1      0.0
  SINCE JUL 1      T
  SNOW DEPTH       0

DEGREE DAYS
 HEATING
  YESTERDAY        0                         0      0        0
  MONTH TO DATE    0                         1     -1        5
  SINCE MAR 1    171                       280   -109      316
  SINCE JUL 1   1691                      1914   -223     2119

 COOLING
  YESTERDAY        8                         6      2        1
  MONTH TO DATE   15                        12      3        1
  SINCE MAR 1    312                       169    143      177
  SINCE JAN 1    318                       188    130      195
..................................................................


WIND (MPH)
  HIGHEST WIND SPEED    10   HIGHEST WIND DIRECTION     S (190)
  HIGHEST GUST SPEED    12   HIGHEST GUST DIRECTION     S (190)
  AVERAGE WIND SPEED     3.2


SKY COVER
  POSSIBLE SUNSHINE  MM
  AVERAGE SKY COVER 0.2


WEATHER CONDITIONS
 THE FOLLOWING WEATHER WAS RECORDED YESTERDAY.
  FOG
  HAZE


RELATIVE HUMIDITY (PERCENT)
 HIGHEST    84          1200 AM
 LOWEST     34           100 PM
 AVERAGE    59

..........................................................


THE LUFKIN CLIMATE NORMALS FOR TODAY
                         NORMAL    RECORD    YEAR
 MAXIMUM TEMPERATURE (F)   82        94      1943
 MINIMUM TEMPERATURE (F)   60        43      1929


SUNRISE AND SUNSET
MAY  3 2015...........SUNRISE   633 AM CDT   SUNSET   800 PM CDT
MAY  4 2015...........SUNRISE   632 AM CDT   SUNSET   800 PM CDT


-  INDICATES NEGATIVE NUMBERS.
R  INDICATES RECORD WAS SET OR TIED.
MM INDICATES DATA IS MISSING.
T  INDICATES TRACE AMOUNT.




$$
