000
CDUS44 KLCH 210833
CLILFT


CLIMATE REPORT
NATIONAL WEATHER SERVICE LAKE CHARLES, LA
333 AM CDT TUE APR 21 2015


...................................

...THE LAFAYETTE CLIMATE SUMMARY FOR APRIL 20 2015...

CLIMATE NORMAL PERIOD 1981 TO 2010
CLIMATE RECORD PERIOD 1893 TO 2015


WEATHER ITEM   OBSERVED TIME   RECORD YEAR NORMAL DEPARTURE LAST
                VALUE   (LST)  VALUE       VALUE  FROM      YEAR
                                                  NORMAL
..................................................................
TEMPERATURE (F)
 YESTERDAY
  MAXIMUM         75    338 PM  92    1987  80     -5       83
  MINIMUM         62   1159 PM  41    1953  60      2       55
                                      1901
  AVERAGE         69                        70     -1       69

PRECIPITATION (IN)
  YESTERDAY        T             3.90 1935   0.15  -0.15     0.00
  MONTH TO DATE    7.36                      2.55   4.81     1.89
  SINCE MAR 1     11.28                      6.34   4.94     4.74
  SINCE JAN 1     18.38                     16.46   1.92    11.99

SNOWFALL (IN)
  YESTERDAY        0.0           0.0    MM   0.0    0.0      0.0
  MONTH TO DATE    0.0                       0.0    0.0      0.0
  SINCE MAR 1      T                         0.0    0.0      0.0
  SINCE JUL 1      T                         T      0.0      0.8
  SNOW DEPTH       0

DEGREE DAYS
 HEATING
  YESTERDAY        0                         1     -1        0
  MONTH TO DATE    2                        35    -33       54
  SINCE MAR 1     85                       185   -100      289
  SINCE JUL 1   1528                      1415    113     1949

 COOLING
  YESTERDAY        4                         6     -2        4
  MONTH TO DATE  140                        90     50       54
  SINCE MAR 1    230                       153     77       78
  SINCE JAN 1    235                       185     50       92
..................................................................


WIND (MPH)
  HIGHEST WIND SPEED    23   HIGHEST WIND DIRECTION    NW (330)
  HIGHEST GUST SPEED    27   HIGHEST GUST DIRECTION    NW (320)
  AVERAGE WIND SPEED     8.1


SKY COVER
  POSSIBLE SUNSHINE  MM
  AVERAGE SKY COVER 0.1


WEATHER CONDITIONS
 THE FOLLOWING WEATHER WAS RECORDED YESTERDAY.
  NO SIGNIFICANT WEATHER WAS OBSERVED.


RELATIVE HUMIDITY (PERCENT)
 HIGHEST    87           400 AM
 LOWEST     38           300 PM
 AVERAGE    63

..........................................................


THE LAFAYETTE CLIMATE NORMALS FOR TODAY
                         NORMAL    RECORD    YEAR
 MAXIMUM TEMPERATURE (F)   81        93      1987
 MINIMUM TEMPERATURE (F)   60        41      1953


SUNRISE AND SUNSET
APRIL 21 2015.........SUNRISE   635 AM CDT   SUNSET   739 PM CDT
APRIL 22 2015.........SUNRISE   634 AM CDT   SUNSET   740 PM CDT


-  INDICATES NEGATIVE NUMBERS.
R  INDICATES RECORD WAS SET OR TIED.
MM INDICATES DATA IS MISSING.
T  INDICATES TRACE AMOUNT.




$$
