000
CDUS46 KMFR 260037
CLILMT


CLIMATE REPORT
NATIONAL WEATHER SERVICE MEDFORD, OR
537 PM PDT SAT APR 25 2015


...................................

...THE KLAMATH FALLS OR CLIMATE SUMMARY FOR APRIL 25 2015...
VALID TODAY AS OF 0500 PM LOCAL TIME.

CLIMATE NORMAL PERIOD 1981 TO 2010
CLIMATE RECORD PERIOD 1928 TO 2015


WEATHER ITEM   OBSERVED TIME   RECORD YEAR NORMAL DEPARTURE LAST
                VALUE   (LST)  VALUE       VALUE  FROM      YEAR
                                                  NORMAL
..................................................................
TEMPERATURE (F)
 TODAY
  MAXIMUM         53    357 PM  77    2001  59     -6       48
  MINIMUM         32    204 AM  21    1998  32      0       27
  AVERAGE         43                        46     -3       38

PRECIPITATION (IN)
  TODAY            T             0.35 1989   0.05  -0.05     0.06
  MONTH TO DATE    0.08                      1.06  -0.98     0.19
  SINCE OCT 1     10.06                     10.79  -0.73     5.41
  SINCE JAN 1      3.60                      6.10  -2.50     4.78

SNOWFALL (IN)
  TODAY           MM                        MM     MM       MM
  MONTH TO DATE   MM                        MM     MM       MM
  SINCE JUL 1     MM                        MM     MM        0.0
  SNOW DEPTH      MM

DEGREE DAYS
 HEATING
  TODAY           22                        19      3       27
  MONTH TO DATE  573                       564      9      488
  SINCE MAR 1   1219                      1385   -166     1202
  SINCE JUL 1   4793                      6226  -1433     5985

 COOLING
  TODAY            0                         0      0        0
  MONTH TO DATE    0                         0      0        0
  SINCE MAR 1      0                         0      0        0
  SINCE JAN 1      0                         0      0        0
..................................................................


WIND (MPH)
  HIGHEST WIND SPEED    20   HIGHEST WIND DIRECTION    NW (310)
  HIGHEST GUST SPEED    29   HIGHEST GUST DIRECTION     W (290)
  AVERAGE WIND SPEED     6.3


SKY COVER
  POSSIBLE SUNSHINE  MM
  AVERAGE SKY COVER 0.8


WEATHER CONDITIONS
 THE FOLLOWING WEATHER WAS RECORDED TODAY.
  LIGHT RAIN


RELATIVE HUMIDITY (PERCENT)
 HIGHEST    89           300 AM
 LOWEST     30           200 PM

..........................................................


THE KLAMATH FALLS OR CLIMATE NORMALS FOR TOMORROW
                         NORMAL    RECORD    YEAR
 MAXIMUM TEMPERATURE (F)   60        83      1987
 MINIMUM TEMPERATURE (F)   32        19      2014


SUNRISE AND SUNSET
APRIL 25 2015.........SUNRISE   611 AM PDT   SUNSET   759 PM PDT
APRIL 26 2015.........SUNRISE   610 AM PDT   SUNSET   800 PM PDT


-  INDICATES NEGATIVE NUMBERS.
R  INDICATES RECORD WAS SET OR TIED.
MM INDICATES DATA IS MISSING.
T  INDICATES TRACE AMOUNT.




$$
