000
CDUS43 KOAX 030646
CLILNK


CLIMATE REPORT
NATIONAL WEATHER SERVICE OMAHA NEBRASKA
146 AM CDT SUN MAY 3 2015


...................................

...THE LINCOLN, NEBRASKA CLIMATE SUMMARY FOR MAY 2 2015...

CLIMATE NORMAL PERIOD 1981 TO 2010
CLIMATE RECORD PERIOD 1887 TO 2015


WEATHER ITEM   OBSERVED TIME   RECORD YEAR NORMAL DEPARTURE LAST
                VALUE   (LST)  VALUE       VALUE  FROM      YEAR
                                                  NORMAL
..................................................................
TEMPERATURE (F)
 YESTERDAY
  MAXIMUM         84    451 PM  91    1968  70     14       78
  MINIMUM         55    202 AM  26    1909  45     10       38
  AVERAGE         70                        58     12       58

PRECIPITATION (IN)
  YESTERDAY        0.07          1.50 1891   0.13  -0.06      T
  MONTH TO DATE    0.08                      0.25  -0.17      T
  SINCE MAR 1      2.84                      4.89  -2.05     3.63
  SINCE JAN 1      4.68                      6.30  -1.62     4.49

SNOWFALL (IN)
  YESTERDAY        0.0                       0.0    0.0      0.0
  MONTH TO DATE    0.0                       0.0    0.0      0.0
  SINCE JUL 1     21.9                      25.9   -4.0     18.2
  SNOW DEPTH       0

DEGREE DAYS
 HEATING
  YESTERDAY        0                         8     -8        7
  MONTH TO DATE    2                        17    -15       24
  SINCE MAR 1    998                      1207   -209     1255
  SINCE JUL 1   5685                      5910   -225     6372

 COOLING
  YESTERDAY        5                         1      4        0
  MONTH TO DATE    5                         2      3        0
  SINCE MAR 1     10                        16     -6       15
  SINCE JAN 1     10                        16     -6       15
..................................................................


WIND (MPH)
  HIGHEST WIND SPEED    29   HIGHEST WIND DIRECTION    NE (40)
  HIGHEST GUST SPEED    36   HIGHEST GUST DIRECTION    NE (40)
  AVERAGE WIND SPEED    13.2


SKY COVER
  POSSIBLE SUNSHINE  MM
  AVERAGE SKY COVER 0.3


WEATHER CONDITIONS
 THE FOLLOWING WEATHER WAS RECORDED YESTERDAY.
  THUNDERSTORM
  LIGHT RAIN
  FOG


RELATIVE HUMIDITY (PERCENT)
 HIGHEST    87           500 AM
 LOWEST     34           400 PM
 AVERAGE    61

..........................................................


THE LINCOLN, NEBRASKA CLIMATE NORMALS FOR TODAY
                         NORMAL    RECORD    YEAR
 MAXIMUM TEMPERATURE (F)   70        91      1949
 MINIMUM TEMPERATURE (F)   46        25      1976


SUNRISE AND SUNSET
MAY  3 2015...........SUNRISE   623 AM CDT   SUNSET   825 PM CDT
MAY  4 2015...........SUNRISE   622 AM CDT   SUNSET   826 PM CDT


-  INDICATES NEGATIVE NUMBERS.
R  INDICATES RECORD WAS SET OR TIED.
MM INDICATES DATA IS MISSING.
T  INDICATES TRACE AMOUNT.




$$
