000
CDUS43 KLOT 250633
CLILOT


CLIMATE REPORT
NATIONAL WEATHER SERVICE CHICAGO IL
132 AM CDT SAT APR 25 2015


...................................

...THE ROMEOVILLE  WFO CLIMATE SUMMARY FOR APRIL 24 2015...

CLIMATE NORMAL PERIOD 1981 TO 2010
CLIMATE RECORD PERIOD 1992 TO 2015


WEATHER ITEM   OBSERVED RECORD YEAR NORMAL DEPARTURE LAST
                VALUE   VALUE       VALUE  FROM      YEAR
                                           NORMAL
...........................................................
TEMPERATURE (F)
 YESTERDAY
  MAXIMUM         63     84    1994  64     -1       66
  MINIMUM         31R    31    1995  43    -12       39
  AVERAGE         47                 53     -6       53

PRECIPITATION (IN)
  YESTERDAY        0.58   0.66 2004   0.14   0.44     0.03
  MONTH TO DATE    2.85               3.02  -0.17     2.58
  SINCE MAR 1      3.64               5.79  -2.15     4.69
  SINCE JAN 1      6.48               9.50  -3.02     9.55

SNOWFALL (IN)
  YESTERDAY        0.0    0.0  2011   0.0    0.0      0.0
                               2010
                               2009
  MONTH TO DATE    T                  0.5   -0.5      1.0
  SINCE MAR 1      5.2                4.9    0.3     11.2
  SINCE JUL 1     36.4               32.3    4.1     76.7
  SNOW DEPTH       0

DEGREE DAYS
 HEATING
  YESTERDAY       18                 12      6
  MONTH TO DATE  316                385    -69
  SINCE MAR 1   1217               1202     15
  SINCE JUL 1   6462               5930    532

 COOLING
  YESTERDAY        0                  0      0
  MONTH TO DATE    0                  0      0
  SINCE MAR 1      0                  0      0
  SINCE JAN 1      0                  0      0
...........................................................







THE ROMEOVILLE  WFO CLIMATE NORMALS FOR TODAY
                         NORMAL    RECORD    YEAR
 MAXIMUM TEMPERATURE (F)   65        86      1994
 MINIMUM TEMPERATURE (F)   43        34      2005


SUNRISE AND SUNSET
APRIL 25 2015.........SUNRISE   558 AM CDT   SUNSET   744 PM CDT
APRIL 26 2015.........SUNRISE   556 AM CDT   SUNSET   745 PM CDT


-  INDICATES NEGATIVE NUMBERS.
R  INDICATES RECORD WAS SET OR TIED.
MM INDICATES DATA IS MISSING.
T  INDICATES TRACE AMOUNT.




$$
