000
CDUS44 KCRP 060038
CLILRD

CLIMATE REPORT
NATIONAL WEATHER SERVICE CORPUS CHRISTI TX
736 PM CDT TUE MAY 5 2015


...................................

...THE LAREDO CLIMATE SUMMARY FOR MAY 5 2015...
VALID TODAY AS OF 0500 PM LOCAL TIME.

CLIMATE NORMAL PERIOD 1981 TO 2010
CLIMATE RECORD PERIOD 1900 TO 2015


WEATHER ITEM   OBSERVED TIME   RECORD YEAR NORMAL DEPARTURE LAST
                VALUE   (LST)  VALUE       VALUE  FROM      YEAR
                                                  NORMAL
..................................................................
TEMPERATURE (F)
 TODAY
  MAXIMUM         84    501 PM 109    1906  91     -7       98
  MINIMUM         72    621 AM  52    1935  69      3       67
  AVERAGE         78                        80     -2       83

PRECIPITATION (IN)
  TODAY            T             2.61 2008   0.08  -0.08     0.00
  MONTH TO DATE    T                         0.37  -0.37      T
  SINCE MAR 1      7.05                      2.91   4.14     1.11
  SINCE JAN 1      7.93                      4.75   3.18     1.32

SNOWFALL (IN)
  TODAY            0.0
  MONTH TO DATE    0.0
  SINCE MAR 1      0.0
  SINCE JUL 1      0.0

DEGREE DAYS
 HEATING
  TODAY            0                         0      0        0
  MONTH TO DATE    0                         0      0        0
  SINCE MAR 1    129                        82     47      104
  SINCE JUL 1   1064                       926    138     1095

 COOLING
  TODAY           13                        15     -2       18
  MONTH TO DATE   54                        74    -20       54
  SINCE MAR 1    457                       589   -132      576
  SINCE JAN 1    505                       674   -169      688
..................................................................


WIND (MPH)
  HIGHEST WIND SPEED    21   HIGHEST WIND DIRECTION    SE (130)
  HIGHEST GUST SPEED    25   HIGHEST GUST DIRECTION    SE (120)


SKY COVER
  POSSIBLE SUNSHINE  MM
  AVERAGE SKY COVER 0.9


WEATHER CONDITIONS
 THE FOLLOWING WEATHER WAS RECORDED TODAY.
  LIGHT RAIN
  FOG


RELATIVE HUMIDITY (PERCENT)
 HIGHEST    93           100 PM
 LOWEST     74          1000 AM
 AVERAGE    84

..........................................................


THE LAREDO CLIMATE NORMALS FOR TOMORROW
                         NORMAL    RECORD    YEAR
 MAXIMUM TEMPERATURE (F)   92       109      1998
 MINIMUM TEMPERATURE (F)   69        41      1917


SUNRISE AND SUNSET
MAY  5 2015...........SUNRISE   656 AM CDT   SUNSET   814 PM CDT
MAY  6 2015...........SUNRISE   655 AM CDT   SUNSET   814 PM CDT


-  INDICATES NEGATIVE NUMBERS.
R  INDICATES RECORD WAS SET OR TIED.
MM INDICATES DATA IS MISSING.
T  INDICATES TRACE AMOUNT.




$$
