000
CDUS46 KOTX 210829
CLILWS


CLIMATE REPORT
NATIONAL WEATHER SERVICE SPOKANE, WA
129 AM PDT TUE APR 21 2015


...................................

...THE LEWISTON ID AIRPORT CLIMATE SUMMARY FOR APRIL 20 2015...

CLIMATE NORMAL PERIOD 1981 TO 2010
CLIMATE RECORD PERIOD 1881 TO 2015


WEATHER ITEM   OBSERVED TIME   RECORD YEAR NORMAL DEPARTURE LAST
                VALUE   (LST)  VALUE       VALUE  FROM      YEAR
                                                  NORMAL
..................................................................
TEMPERATURE (F)
 YESTERDAY
  MAXIMUM         76    406 PM  88    1942  63     13       65
                                      1934
                                      1906
  MINIMUM         43    517 AM  23    1951  41      2       42
                                      1927
  AVERAGE         60                        52      8       54

PRECIPITATION (IN)
  YESTERDAY        0.00          0.52 1996   0.05  -0.05      T
  MONTH TO DATE    0.24                      0.85  -0.61     0.47
  SINCE OCT 1      7.90                      6.97   0.93     5.77
  SINCE JAN 1      3.71                      3.86  -0.15     4.24

SNOWFALL (IN)
  YESTERDAY        0.0           0.5  1961   0.0    0.0      0.0
  MONTH TO DATE    0.0                       0.0    0.0      0.0
  SINCE MAR 1      0.0                       0.7   -0.7      0.6
  SINCE JUL 1      1.5                      10.5   -9.0     16.5
  SNOW DEPTH       0

DEGREE DAYS
 HEATING
  YESTERDAY        5                        13     -8       11
  MONTH TO DATE  295                       295      0      264
  SINCE MAR 1    784                       907   -123      861
  SINCE JUL 1   4006                      4762   -756     5022

 COOLING
  YESTERDAY        0                         0      0        0
  MONTH TO DATE    0                         0      0        0
  SINCE MAR 1      0                         0      0        0
  SINCE JAN 1      0                         0      0        0
..................................................................


WIND (MPH)
  HIGHEST WIND SPEED     9   HIGHEST WIND DIRECTION     S (200)
  HIGHEST GUST SPEED    11   HIGHEST GUST DIRECTION    SE (150)
  AVERAGE WIND SPEED     3.3


SKY COVER
  POSSIBLE SUNSHINE  MM
  AVERAGE SKY COVER 0.0


WEATHER CONDITIONS
 THE FOLLOWING WEATHER WAS RECORDED YESTERDAY.
  NO SIGNIFICANT WEATHER WAS OBSERVED.


RELATIVE HUMIDITY (PERCENT)
 HIGHEST    70           500 AM
 LOWEST     24           700 PM
 AVERAGE    47

..........................................................


THE LEWISTON ID AIRPORT CLIMATE NORMALS FOR TODAY
                         NORMAL    RECORD    YEAR
 MAXIMUM TEMPERATURE (F)   64        91      1906
 MINIMUM TEMPERATURE (F)   41        22      1951


SUNRISE AND SUNSET
APRIL 21 2015.........SUNRISE   551 AM PDT   SUNSET   744 PM PDT
APRIL 22 2015.........SUNRISE   549 AM PDT   SUNSET   745 PM PDT


-  INDICATES NEGATIVE NUMBERS.
R  INDICATES RECORD WAS SET OR TIED.
MM INDICATES DATA IS MISSING.
T  INDICATES TRACE AMOUNT.




$$
