000
CDUS41 KRNK 030541
CLILYH


CLIMATE REPORT
NATIONAL WEATHER SERVICE BLACKSBURG VA
138 AM EDT SUN MAY 3 2015


...................................

...THE LYNCHBURG VA CLIMATE SUMMARY FOR MAY 2 2015...

CLIMATE NORMAL PERIOD 1981 TO 2010
CLIMATE RECORD PERIOD 1893 TO 2015


WEATHER ITEM   OBSERVED TIME   RECORD YEAR NORMAL DEPARTURE LAST
                VALUE   (LST)  VALUE       VALUE  FROM      YEAR
                                                  NORMAL
..................................................................
TEMPERATURE (F)
 YESTERDAY
  MAXIMUM         71    207 PM  91    1942  72     -1       70
                                      1913
  MINIMUM         41    549 AM  32    2005  47     -6       44
  AVERAGE         56                        60     -4       57

PRECIPITATION (IN)
  YESTERDAY        0.00          0.96 2002   0.10  -0.10     0.00
  MONTH TO DATE    0.57                      0.21   0.36     0.00
  SINCE MAR 1      7.91                      7.10   0.81     8.55
  SINCE JAN 1     12.29                     13.17  -0.88    15.63

SNOWFALL (IN)
  YESTERDAY        0.0
  MONTH TO DATE    0.0
  SINCE MAR 1      2.5
  SINCE JUL 1     22.9
  SNOW DEPTH       0

DEGREE DAYS
 HEATING
  YESTERDAY        9                         6      3        8
  MONTH TO DATE   20                        12      8        9
  SINCE MAR 1    899                       911    -12      870
  SINCE JUL 1   4588                      4335    253     4384

 COOLING
  YESTERDAY        0                         1     -1        0
  MONTH TO DATE    0                         2     -2        0
  SINCE MAR 1      8                        20    -12       19
  SINCE JAN 1      8                        20    -12       19
..................................................................


WIND (MPH)
  HIGHEST WIND SPEED    10   HIGHEST WIND DIRECTION    NE (30)
  HIGHEST GUST SPEED    23   HIGHEST GUST DIRECTION     N (340)
  AVERAGE WIND SPEED     2.1


SKY COVER
  POSSIBLE SUNSHINE  MM
  AVERAGE SKY COVER 0.5


WEATHER CONDITIONS
 THE FOLLOWING WEATHER WAS RECORDED YESTERDAY.
  FOG
  FOG W/VISIBILITY <= 1/4 MILE


RELATIVE HUMIDITY (PERCENT)
 HIGHEST   100          1200 AM
 LOWEST     31           400 PM
 AVERAGE    66

..........................................................


THE LYNCHBURG VA CLIMATE NORMALS FOR TODAY
                         NORMAL    RECORD    YEAR
 MAXIMUM TEMPERATURE (F)   73        92      1913
 MINIMUM TEMPERATURE (F)   47        31      2005


SUNRISE AND SUNSET
MAY  3 2015...........SUNRISE   620 AM EDT   SUNSET   808 PM EDT
MAY  4 2015...........SUNRISE   619 AM EDT   SUNSET   809 PM EDT


-  INDICATES NEGATIVE NUMBERS.
R  INDICATES RECORD WAS SET OR TIED.
MM INDICATES DATA IS MISSING.
T  INDICATES TRACE AMOUNT.

$$
RCS
