000
CDUS46 KHNX 040820
CLIMAE


CLIMATE REPORT
NATIONAL WEATHER SERVICE SAN JOAQUIN VALLEY, CA
120 AM PDT MON MAY 4 2015


...................................

...THE MADERA CA AIRPORT CLIMATE SUMMARY FOR MAY 3 2015...

CLIMATE NORMAL PERIOD 1981 TO 2010
CLIMATE RECORD PERIOD 1998 TO 2015


WEATHER ITEM   OBSERVED TIME   RECORD YEAR NORMAL DEPARTURE
                VALUE   (LST)  VALUE       VALUE  FROM
                                                  NORMAL
...............................................................
TEMPERATURE (F)
 YESTERDAY
  MAXIMUM         87    441 PM  98    2004  80      7
  MINIMUM         50    427 AM  42    2007  48      2
  AVERAGE         69                        64      5

PRECIPITATION (IN)
  YESTERDAY        0.00          0.68 2003   0.03  -0.03
  MONTH TO DATE    0.00                      0.08  -0.08
  SINCE OCT 1      5.26                     11.14  -5.88
  SINCE JAN 1      1.58                      7.41  -5.83

SNOWFALL (IN)
  YESTERDAY        0.0
  MONTH TO DATE    0.0
  SINCE MAR 1      0.0
  SINCE JUL 1      0.0
  SNOW DEPTH       0

DEGREE DAYS
 HEATING
  YESTERDAY        0
  MONTH TO DATE    0
  SINCE MAR 1    249
  SINCE JUL 1   1699

 COOLING
  YESTERDAY        4
  MONTH TO DATE   24
  SINCE MAR 1    100
  SINCE JAN 1    102
...............................................................


WIND (MPH)
  HIGHEST WIND SPEED    15   HIGHEST WIND DIRECTION    NW (300)
  HIGHEST GUST SPEED    19   HIGHEST GUST DIRECTION    SE (130)
  AVERAGE WIND SPEED     6.1




RELATIVE HUMIDITY (PERCENT)
 HIGHEST    83
 LOWEST     10
 AVERAGE    47

..........................................................


THE MADERA CA AIRPORT CLIMATE NORMALS FOR TODAY
                         NORMAL    RECORD    YEAR
 MAXIMUM TEMPERATURE (F)   81        98      2004
 MINIMUM TEMPERATURE (F)   49        42      1999


SUNRISE AND SUNSET
MAY  4 2015...........SUNRISE   603 AM PDT   SUNSET   752 PM PDT
MAY  5 2015...........SUNRISE   602 AM PDT   SUNSET   753 PM PDT


-  INDICATES NEGATIVE NUMBERS.
R  INDICATES RECORD WAS SET OR TIED.
MM INDICATES DATA IS MISSING.
T  INDICATES TRACE AMOUNT.




$$
