000
CDUS44 KMAF 050732
CLIMAF


CLIMATE REPORT
NATIONAL WEATHER SERVICE MIDLAND/ODESSA TX
231 AM CDT TUE MAY 5 2015


...................................

...THE MIDLAND CLIMATE SUMMARY FOR MAY 4 2015...

CLIMATE NORMAL PERIOD 1981 TO 2010
CLIMATE RECORD PERIOD 1930 TO 2015


WEATHER ITEM   OBSERVED TIME   RECORD YEAR NORMAL DEPARTURE LAST
                VALUE   (LST)  VALUE       VALUE  FROM      YEAR
                                                  NORMAL
..................................................................
TEMPERATURE (F)
 YESTERDAY
  MAXIMUM         83    320 PM 103    1947  85     -2       96
  MINIMUM         65    519 AM  38    1978  56      9       62
                                      1935
  AVERAGE         74                        70      4       79

PRECIPITATION (IN)
  YESTERDAY        0.14          1.29 1969   0.04   0.10     0.00
  MONTH TO DATE    0.14                      0.13   0.01     0.00
  SINCE MAR 1      3.09                      1.38   1.71     0.64
  SINCE JAN 1      5.78                      2.65   3.13     0.90

DEGREE DAYS
 COOLING
  YESTERDAY        9                         6      3       14
  MONTH TO DATE   31                        23      8       21
  SINCE MAR 1    161                       129     32      188
  SINCE JAN 1    162                       131     31      190
..................................................................


WIND (MPH)
  HIGHEST WIND SPEED    38   HIGHEST WIND DIRECTION     S (170)
  HIGHEST GUST SPEED    42   HIGHEST GUST DIRECTION     S (170)
  AVERAGE WIND SPEED    19.6


SKY COVER
  POSSIBLE SUNSHINE  MM
  AVERAGE SKY COVER 0.6


WEATHER CONDITIONS
 THE FOLLOWING WEATHER WAS RECORDED YESTERDAY.
  THUNDERSTORM
  RAIN
  LIGHT RAIN
  FOG
  HAZE


RELATIVE HUMIDITY (PERCENT)
 HIGHEST    81           700 AM
 LOWEST     42           400 PM
 AVERAGE    62

..........................................................


THE MIDLAND CLIMATE NORMALS FOR TODAY
                         NORMAL    RECORD    YEAR
 MAXIMUM TEMPERATURE (F)   85       101      2000
                                             1964
                                             1947
 MINIMUM TEMPERATURE (F)   56        39      1933


SUNRISE AND SUNSET
MAY  5 2015...........SUNRISE   659 AM CDT   SUNSET   832 PM CDT
MAY  6 2015...........SUNRISE   659 AM CDT   SUNSET   833 PM CDT


-  INDICATES NEGATIVE NUMBERS.
R  INDICATES RECORD WAS SET OR TIED.
MM INDICATES DATA IS MISSING.
T  INDICATES TRACE AMOUNT.




$$
