000
CDUS46 KHNX 190821
CLIMCE


CLIMATE REPORT
NATIONAL WEATHER SERVICE SAN JOAQUIN VALLEY, CA
121 AM PDT SUN APR 19 2015


...................................

...THE MERCED  CA CLIMATE SUMMARY FOR APRIL 18 2015...

CLIMATE NORMAL PERIOD 1981 TO 2010
CLIMATE RECORD PERIOD 1998 TO 2015


WEATHER ITEM   OBSERVED TIME   RECORD YEAR NORMAL DEPARTURE
                VALUE   (LST)  VALUE       VALUE  FROM
                                                  NORMAL
...............................................................
TEMPERATURE (F)
 YESTERDAY
  MAXIMUM         86    420 PM  87    2008  74     12
  MINIMUM         45    520 AM  36    2002  45      0
  AVERAGE         66                        60      6

PRECIPITATION (IN)
  YESTERDAY        0.00          0.06 2001   0.03  -0.03
  MONTH TO DATE    0.36                      0.59  -0.23
  SINCE OCT 1      6.37                     11.12  -4.75
  SINCE JAN 1      1.62                      7.61  -5.99

SNOWFALL (IN)
  YESTERDAY        0.0
  MONTH TO DATE    0.0
  SINCE MAR 1      0.0
  SINCE JUL 1      0.0
  SNOW DEPTH       0

DEGREE DAYS
 HEATING
  YESTERDAY        0
  MONTH TO DATE  114
  SINCE MAR 1    244
  SINCE JUL 1   1708

 COOLING
  YESTERDAY        1
  MONTH TO DATE    1
  SINCE MAR 1     15
  SINCE JAN 1     15
...............................................................


WIND (MPH)
  HIGHEST WIND SPEED    12   HIGHEST WIND DIRECTION     N (350)
  HIGHEST GUST SPEED    14   HIGHEST GUST DIRECTION     N (360)
  AVERAGE WIND SPEED     3.7




RELATIVE HUMIDITY (PERCENT)
 HIGHEST    76
 LOWEST     15
 AVERAGE    46

..........................................................


THE MERCED  CA CLIMATE NORMALS FOR TODAY
                         NORMAL    RECORD    YEAR
 MAXIMUM TEMPERATURE (F)   74        92      2009
 MINIMUM TEMPERATURE (F)   46        35      2007


SUNRISE AND SUNSET
APRIL 19 2015.........SUNRISE   623 AM PDT   SUNSET   741 PM PDT
APRIL 20 2015.........SUNRISE   621 AM PDT   SUNSET   742 PM PDT


-  INDICATES NEGATIVE NUMBERS.
R  INDICATES RECORD WAS SET OR TIED.
MM INDICATES DATA IS MISSING.
T  INDICATES TRACE AMOUNT.




$$
