000
CDAK49 PAMC 191144
CLIMCG

CLIMATE REPORT
NATIONAL WEATHER SERVICE MCGRATH, AK
344 AM AKDT SUN APR 19 2015

...................................
...THE MCGRATH AIRPORT CLIMATE SUMMARY FOR APRIL 18 2015...

CLIMATE NORMAL PERIOD  1981 TO  2015
CLIMATE RECORD PERIOD  1939 TO  2015

WEATHER ITEM   OBSERVED TIME    RECORD YEAR NORMAL DEPARTURE LAST
               VALUE    (LST)   VALUE       VALUE  FROM      YEAR
                                                   NORMAL
...................................................................
TEMPERATURE
YESTERDAY
 MAXIMUM            54  0558 PM    61  1998     42      12     53
 MINIMUM            39  0727 AM   -18  2005     21      18     29
 AVERAGE            47                          32      15     41

PRECIPITATION
(INCHES)
 YESTERDAY        0.00           0.36  2002   0.03   -0.03   0.00
 MONTH TO DATE    0.24                        0.43   -0.19   0.07
 SINCE MAR 1      0.38                        1.24   -0.86   0.11
 SINCE JAN 1      0.82                        3.27   -2.45   1.80

SNOWFALL
(INCHES)
 YESTERDAY         0.0            5.5  2002    0.1    -0.1    0.0
 MONTH TO DATE     3.3                         3.7    -0.4    0.7
 SINCE MAR 1       8.5                        15.0    -6.5    1.1
 SINCE JUL 1      41.6                        95.0   -53.4   47.1
 SNOW DEPTH (IN)     T                                          7

DEGREE DAYS
 HEATING
  YESTERDAY         18                          33     -15     24
  MONTH TO DATE    581                         712    -131    714
  SINCE MAR 1     2041                        2368    -327   2314
  SINCE JUL 1    11107                       12606   -1499  11141

 COOLING
  YESTERDAY          0                           0       0      0
  MONTH TO DATE      0                           0       0      0
  SINCE MAR 1        0                           0       0      0
  SINCE JAN 1        0                           0       0      0
...................................................................

WIND (MPH)
 HIGHEST WIND SPEED    26     HIGHEST WIND DIRECTION    100
 HIGHEST GUST SPEED    34     HIGHEST GUST DIRECTION    130
 AVERAGE WIND SPEED  16.2

WEATHER CONDITIONS
 THE FOLLOWING WEATHER WAS RECORDED YESTERDAY.
  NO SIGNIFICANT WEATHER WAS OBSERVED.

...................................................................

THE MCGRATH CLIMATE NORMALS FOR TODAY
                           NORMAL    RECORD   YEAR
 MAXIMUM TEMPERATURE (F)     43        59     1999
 MINIMUM TEMPERATURE (F)     22       -14     1985

SUNRISE AND SUNSET
 APR 19 2015..........SUNRISE  6:43 AM      SUNSET 10:04 PM
 APR 20 2015..........SUNRISE  6:39 AM      SUNSET 10:06 PM

-  INDICATES NEGATIVE NUMBERS.
R  INDICATES RECORD HAS BEEN SET OR TIED.
MM INDICATES DATA IS MISSING.
T  INDICATES TRACE OF PRECIPITATION.

&&
-------------------------------------------------------------------

AMOUNT OF DAYLIGHT TODAY  (HOUR:MIN)........15 HOURS 21 MINUTES
GAIN/LOSS SINCE YESTERDAY (HOUR:MIN:SEC)....+0:06:13

$$
TR APR 15
