000
CDUS43 KGLD 210748 RRA
CLIMCK

CLIMATE REPORT
NATIONAL WEATHER SERVICE GOODLAND
143 AM MDT TUE APR 21 2015


...................................

...THE MCCOOK NE CLIMATE SUMMARY FOR APRIL 20 2015...

CLIMATE NORMAL PERIOD 1981 TO 2010
CLIMATE RECORD PERIOD 1896 TO 2015


WEATHER ITEM   OBSERVED TIME   RECORD YEAR NORMAL DEPARTURE LAST
                VALUE   (LST)  VALUE       VALUE  FROM      YEAR
                                                  NORMAL
..................................................................
TEMPERATURE (F)
 YESTERDAY
  MAXIMUM         62    308 PM  92    1946  66     -4       79
  MINIMUM         31    554 AM  20    1953  36     -5       49
  AVERAGE         47                        51     -4       64

PRECIPITATION (IN)
  YESTERDAY        0.00                      0.09  -0.09     0.00
  MONTH TO DATE    1.54                      1.38   0.16     0.84
  SINCE MAR 1      1.57                      2.74  -1.17     1.10
  SINCE JAN 1      1.91                      3.87  -1.96     1.59

..................................................................


THE MCCOOK NE CLIMATE NORMALS FOR TODAY
                         NORMAL    RECORD    YEAR
 MAXIMUM TEMPERATURE (F)   66        94      1989
 MINIMUM TEMPERATURE (F)   37        18      1927



-  INDICATES NEGATIVE NUMBERS.
R  INDICATES RECORD WAS SET OR TIED.
MM INDICATES DATA IS MISSING.
T  INDICATES TRACE AMOUNT.

$$
