000
CDUS43 KLOT 060645
CLIMDW


CLIMATE REPORT
NATIONAL WEATHER SERVICE CHICAGO IL
145 AM CDT WED MAY 6 2015


...................................

...THE CHICAGO-MIDWAY CLIMATE SUMMARY FOR MAY 5 2015...

CLIMATE NORMAL PERIOD 1981 TO 2010
CLIMATE RECORD PERIOD 1928 TO 2015


WEATHER ITEM   OBSERVED TIME   RECORD YEAR NORMAL DEPARTURE LAST
                VALUE   (LST)  VALUE       VALUE  FROM      YEAR
                                                  NORMAL
..................................................................
TEMPERATURE (F)
 YESTERDAY
  MAXIMUM         60   1225 AM  94    1949  67     -7       59
  MINIMUM         51   1138 PM  34    1954  48      3       45
                                      1944
                                      1929
  AVERAGE         56                        58     -2       52

PRECIPITATION (IN)
  YESTERDAY        0.79          0.83 1991   0.13   0.66     0.01
  MONTH TO DATE    0.99                      0.62   0.37     0.14
  SINCE MAR 1      4.41                      6.98  -2.57     4.48
  SINCE JAN 1      5.75                     10.98  -5.23     6.97

DEGREE DAYS
 HEATING
  YESTERDAY        9                         8      1       13
  MONTH TO DATE   21                        45    -24       62
  SINCE MAR 1   1217                      1305    -88     1506
  SINCE JUL 1   5939                      5816    123     6708

 COOLING
  YESTERDAY        0                         1     -1        0
  MONTH TO DATE    8                         5      3        0
  SINCE MAR 1      8                        18    -10        5
  SINCE JAN 1      8                        18    -10        5
..................................................................


WIND (MPH)
  RESULTANT WIND SPEED   8   RESULTANT WIND DIRECTION  NE (30)
  HIGHEST WIND SPEED    17   HIGHEST WIND DIRECTION     E (70)
  HIGHEST GUST SPEED    22   HIGHEST GUST DIRECTION     W (290)
  AVERAGE WIND SPEED     8.5



WEATHER CONDITIONS
 THE FOLLOWING WEATHER WAS RECORDED YESTERDAY.
  THUNDERSTORM
  HEAVY RAIN
  RAIN
  LIGHT RAIN
  FOG
  HAZE


..........................................................


THE CHICAGO-MIDWAY CLIMATE NORMALS FOR TODAY
                         NORMAL    RECORD    YEAR
 MAXIMUM TEMPERATURE (F)   67        93      1934
 MINIMUM TEMPERATURE (F)   49        34      1989
                                             1978


SUNRISE AND SUNSET
MAY  6 2015...........SUNRISE   541 AM CDT   SUNSET   754 PM CDT
MAY  7 2015...........SUNRISE   540 AM CDT   SUNSET   756 PM CDT


-  INDICATES NEGATIVE NUMBERS.
R  INDICATES RECORD WAS SET OR TIED.
MM INDICATES DATA IS MISSING.
T  INDICATES TRACE AMOUNT.




$$
