000
CDUS44 KJAN 010849
CLIMEI


CLIMATE REPORT
NATIONAL WEATHER SERVICE JACKSON MS
346 AM CDT WED APR 1 2015


...................................

...THE MERIDIAN CLIMATE SUMMARY FOR MARCH 31 2015...

CLIMATE NORMAL PERIOD 1981 TO 2010
CLIMATE RECORD PERIOD 1889 TO 2015


WEATHER ITEM   OBSERVED TIME   RECORD YEAR NORMAL DEPARTURE LAST
                VALUE   (LST)  VALUE       VALUE  FROM      YEAR
                                                  NORMAL
..................................................................
TEMPERATURE (F)
 YESTERDAY
  MAXIMUM         81    346 PM  90    1974  73      8       80
  MINIMUM         52    603 AM  28    2003  45      7       35
  AVERAGE         67                        59      8       58

PRECIPITATION (IN)
  YESTERDAY        T             3.50 1962   0.17  -0.17     0.00
  MONTH TO DATE    4.91                      5.42  -0.51     5.74
  SINCE MAR 1      4.91                      5.42  -0.51     5.74
  SINCE JAN 1     15.75                     16.15  -0.40    15.09

SNOWFALL (IN)
  YESTERDAY        0.0           0.0  2002   0.0    0.0      0.0
                                      2001
  MONTH TO DATE    T                         0.2   -0.2      0.0
  SINCE MAR 1      T                         0.2   -0.2      0.0
  SINCE JUL 1      T                         0.5   -0.5      2.5

DEGREE DAYS
 HEATING
  YESTERDAY        0                         7     -7        7
  MONTH TO DATE  210                       307    -97      349
  SINCE MAR 1    210                       307    -97      349
  SINCE JUL 1   2451                      2404     47     2725

 COOLING
  YESTERDAY        2                         1      1        0
  MONTH TO DATE   27                        17     10        2
  SINCE MAR 1     27                        17     10        2
  SINCE JAN 1     27                        24      3        9
..................................................................


WIND (MPH)
  HIGHEST WIND SPEED    22   HIGHEST WIND DIRECTION     S (200)
  HIGHEST GUST SPEED    27   HIGHEST GUST DIRECTION    SW (220)
  AVERAGE WIND SPEED     7.6


SKY COVER
  POSSIBLE SUNSHINE  MM
  AVERAGE SKY COVER 0.1


WEATHER CONDITIONS
 THE FOLLOWING WEATHER WAS RECORDED YESTERDAY.
  LIGHT RAIN
  FOG


RELATIVE HUMIDITY (PERCENT)
 HIGHEST   100          1200 AM
 LOWEST     39           200 PM
 AVERAGE    70

..........................................................


THE MERIDIAN CLIMATE NORMALS FOR TODAY
                         NORMAL    RECORD    YEAR
 MAXIMUM TEMPERATURE (F)   73        87      1974
                                             1970
                                             1963
 MINIMUM TEMPERATURE (F)   45        30      1987


SUNRISE AND SUNSET
APRIL  1 2015.........SUNRISE   644 AM CDT   SUNSET   715 PM CDT
APRIL  2 2015.........SUNRISE   642 AM CDT   SUNSET   715 PM CDT


-  INDICATES NEGATIVE NUMBERS.
R  INDICATES RECORD WAS SET OR TIED.
MM INDICATES DATA IS MISSING.
T  INDICATES TRACE AMOUNT.




$$
