000
CDUS44 KJAN 210634
CLIMEI


CLIMATE REPORT
NATIONAL WEATHER SERVICE JACKSON MS
132 AM CDT TUE APR 21 2015


...................................

...THE MERIDIAN CLIMATE SUMMARY FOR APRIL 20 2015...

CLIMATE NORMAL PERIOD 1981 TO 2010
CLIMATE RECORD PERIOD 1889 TO 2015


WEATHER ITEM   OBSERVED TIME   RECORD YEAR NORMAL DEPARTURE LAST
                VALUE   (LST)  VALUE       VALUE  FROM      YEAR
                                                  NORMAL
..................................................................
TEMPERATURE (F)
 YESTERDAY
  MAXIMUM         73    131 PM  92    1987  77     -4       79
  MINIMUM         51   1159 PM  33    1953  50      1       46
  AVERAGE         62                        64     -2       63

PRECIPITATION (IN)
  YESTERDAY        0.00          2.95 1992   0.15  -0.15     0.00
  MONTH TO DATE    4.70                      3.31   1.39     9.87
  SINCE MAR 1      9.61                      8.73   0.88    15.61
  SINCE JAN 1     20.45                     19.46   0.99    24.96

SNOWFALL (IN)
  YESTERDAY        0.0           0.0    MM   0.0    0.0      0.0
  MONTH TO DATE    0.0                       0.1   -0.1      0.0
  SINCE MAR 1      T                         0.3   -0.3      0.0
  SINCE JUL 1      T                         0.6   -0.6      2.5

DEGREE DAYS
 HEATING
  YESTERDAY        3                         3      0        2
  MONTH TO DATE   26                       105    -79      115
  SINCE MAR 1    236                       412   -176      464
  SINCE JUL 1   2477                      2509    -32     2840

 COOLING
  YESTERDAY        0                         2     -2        0
  MONTH TO DATE   99                        31     68       19
  SINCE MAR 1    126                        48     78       21
  SINCE JAN 1    126                        55     71       28
..................................................................


WIND (MPH)
  HIGHEST WIND SPEED    20   HIGHEST WIND DIRECTION     W (280)
  HIGHEST GUST SPEED    26   HIGHEST GUST DIRECTION     W (290)
  AVERAGE WIND SPEED     8.2


SKY COVER
  POSSIBLE SUNSHINE  MM
  AVERAGE SKY COVER 0.2


WEATHER CONDITIONS
 THE FOLLOWING WEATHER WAS RECORDED YESTERDAY.
  NO SIGNIFICANT WEATHER WAS OBSERVED.


RELATIVE HUMIDITY (PERCENT)
 HIGHEST    90           600 AM
 LOWEST     44           100 PM
 AVERAGE    67

..........................................................


THE MERIDIAN CLIMATE NORMALS FOR TODAY
                         NORMAL    RECORD    YEAR
 MAXIMUM TEMPERATURE (F)   77        95      1987
 MINIMUM TEMPERATURE (F)   51        32      1953


SUNRISE AND SUNSET
APRIL 21 2015.........SUNRISE   619 AM CDT   SUNSET   729 PM CDT
APRIL 22 2015.........SUNRISE   618 AM CDT   SUNSET   729 PM CDT


-  INDICATES NEGATIVE NUMBERS.
R  INDICATES RECORD WAS SET OR TIED.
MM INDICATES DATA IS MISSING.
T  INDICATES TRACE AMOUNT.




$$
