000
CDUS44 KBRO 262128
CLIMFE


CLIMATE REPORT
NATIONAL WEATHER SERVICE BROWNSVILLE TX
428 PM CDT SUN APR 26 2015


...................................

...THE MCALLEN CLIMATE SUMMARY FOR APRIL 26 2015...
VALID TODAY AS OF 0400 PM LOCAL TIME.

CLIMATE NORMAL PERIOD 1981 TO 2010
CLIMATE RECORD PERIOD 1941 TO 2015


WEATHER ITEM   OBSERVED TIME   RECORD YEAR NORMAL DEPARTURE LAST
                VALUE   (LST)  VALUE       VALUE  FROM      YEAR
                                                  NORMAL
..................................................................
TEMPERATURE (F)
 TODAY
  MAXIMUM         91    259 PM  98    1999  88      3       95
  MINIMUM         78    433 AM  54    1948  68     10       72
                                      1952
  AVERAGE         85                        78      7       84

PRECIPITATION (IN)
  TODAY            0.00          0.48 1967   0.06  -0.06     0.00
  MONTH TO DATE    4.59                      1.10   3.49     0.03
  SINCE MAR 1      5.98                      2.13   3.85     1.20
  SINCE JAN 1      6.57                      4.29   2.28     2.08

SNOWFALL (IN)
  TODAY            0.0
  MONTH TO DATE    0.0
  SINCE MAR 1      0.0
  SINCE JUL 1      0.0
  SNOW DEPTH       0

DEGREE DAYS
 HEATING
  TODAY            0                         0      0        0
  MONTH TO DATE    0                         3     -3        9
  SINCE MAR 1     66                        41     25      107
  SINCE JUL 1    756                       574    182      883

 COOLING
  TODAY           20                        13      7       19
  MONTH TO DATE  391                       299     92      270
  SINCE MAR 1    557                       517     40      406
  SINCE JAN 1    642                       676    -34      534
..................................................................


WIND (MPH)
  HIGHEST WIND SPEED    10   HIGHEST WIND DIRECTION     S (160)
  HIGHEST GUST SPEED    14   HIGHEST GUST DIRECTION     E (110)
  AVERAGE WIND SPEED     3.0



WEATHER CONDITIONS
 THE FOLLOWING WEATHER WAS RECORDED TODAY.
  FOG
  FOG W/VISIBILITY <= 1/4 MILE
  HAZE


..........................................................


THE MCALLEN CLIMATE NORMALS FOR TOMORROW
                         NORMAL    RECORD    YEAR
 MAXIMUM TEMPERATURE (F)   88       107      2014
 MINIMUM TEMPERATURE (F)   69        53      1946


SUNRISE AND SUNSET
APRIL 26 2015.........SUNRISE   700 AM CDT   SUNSET   802 PM CDT
APRIL 27 2015.........SUNRISE   659 AM CDT   SUNSET   803 PM CDT


-  INDICATES NEGATIVE NUMBERS.
R  INDICATES RECORD WAS SET OR TIED.
MM INDICATES DATA IS MISSING.
T  INDICATES TRACE AMOUNT.




$$
