000
CDUS44 KBRO 300645
CLIMFE


CLIMATE REPORT
NATIONAL WEATHER SERVICE BROWNSVILLE TX
145 AM CDT MON MAR 30 2015


...................................

...THE MCALLEN CLIMATE SUMMARY FOR MARCH 29 2015...

CLIMATE NORMAL PERIOD 1981 TO 2010
CLIMATE RECORD PERIOD 1941 TO 2015


WEATHER ITEM   OBSERVED TIME   RECORD YEAR NORMAL DEPARTURE LAST
                VALUE   (LST)  VALUE       VALUE  FROM      YEAR
                                                  NORMAL
..................................................................
TEMPERATURE (F)
 YESTERDAY
  MAXIMUM         87    149 PM  99    1972  85      2       85
                                      1975
                                      2000
  MINIMUM         63    633 AM  40    1955  62      1       63
  AVERAGE         75                        74      1

PRECIPITATION (IN)
  YESTERDAY        0.00          4.37 2012   0.04  -0.04     0.00
  MONTH TO DATE    1.39                      0.98   0.41     1.17
  SINCE MAR 1      1.39                      0.98   0.41     1.17
  SINCE JAN 1      1.98                      3.14  -1.16     2.05

SNOWFALL (IN)
  YESTERDAY        0.0
  MONTH TO DATE    0.0
  SINCE MAR 1      0.0
  SINCE JUL 1      0.0

DEGREE DAYS
 HEATING
  YESTERDAY        0                         1     -1        0
  MONTH TO DATE   66                        40     26       98
  SINCE MAR 1     66                        40     26       98
  SINCE JUL 1    756                       573    183      874

 COOLING
  YESTERDAY       10                         9      1        9
  MONTH TO DATE  139                       199    -60      118
  SINCE MAR 1    139                       199    -60      118
  SINCE JAN 1    224                       358   -134      246
..................................................................


WIND (MPH)
  HIGHEST WIND SPEED    30   HIGHEST WIND DIRECTION     S (160)
  HIGHEST GUST SPEED    36   HIGHEST GUST DIRECTION    SE (130)
  AVERAGE WIND SPEED    16.9



WEATHER CONDITIONS
 THE FOLLOWING WEATHER WAS RECORDED YESTERDAY.
  NO SIGNIFICANT WEATHER WAS OBSERVED.


RELATIVE HUMIDITY (PERCENT)
 HIGHEST    90
 LOWEST     44
 AVERAGE    67

..........................................................


THE MCALLEN CLIMATE NORMALS FOR TODAY
                         NORMAL    RECORD    YEAR
 MAXIMUM TEMPERATURE (F)   85       101      1954
 MINIMUM TEMPERATURE (F)   63        38      2003


SUNRISE AND SUNSET
MARCH 30 2015.........SUNRISE   726 AM CDT   SUNSET   749 PM CDT
MARCH 31 2015.........SUNRISE   725 AM CDT   SUNSET   749 PM CDT


-  INDICATES NEGATIVE NUMBERS.
R  INDICATES RECORD WAS SET OR TIED.
MM INDICATES DATA IS MISSING.
T  INDICATES TRACE AMOUNT.




$$
