000
CDUS41 KPBZ 281222
CLIMGW


CLIMATE REPORT
NATIONAL WEATHER SERVICE PITTSBURGH PA
822 AM EDT TUE APR 28 2015


...................................

...THE MORGANTOWN WV CLIMATE SUMMARY FOR APRIL 28 2015...
VALID AS OF 0800 AM LOCAL TIME.

CLIMATE NORMAL PERIOD 1981 TO 2010
CLIMATE RECORD PERIOD 1948 TO 2015


WEATHER ITEM   OBSERVED TIME   RECORD YEAR NORMAL DEPARTURE LAST
                VALUE   (LST)  VALUE       VALUE  FROM      YEAR
                                                  NORMAL
..................................................................
TEMPERATURE (F)
 TODAY
  MINIMUM         42    635 AM  28    1947  45     -3       54

PRECIPITATION (IN)
  TODAY            0.00         MM      MM   0.12  -0.12     0.17
  MONTH TO DATE    5.46                      3.29   2.17     2.52
  SINCE JUN 1     42.17                     36.99   5.18    38.88
  SINCE JAN 1     15.94                     12.35   3.59    10.45

DEGREE DAYS
 HEATING
  TODAY           22

 COOLING
  TODAY            0
..................................................................





WEATHER CONDITIONS
 THE FOLLOWING WEATHER WAS RECORDED TODAY.
  NO SIGNIFICANT WEATHER WAS OBSERVED.


RELATIVE HUMIDITY (PERCENT)
 HIGHEST    70           300 AM

..........................................................


THE MORGANTOWN WV CLIMATE NORMALS FOR TOMORROW
                         NORMAL    RECORD    YEAR
 MAXIMUM TEMPERATURE (F)   68        85      1970
 MINIMUM TEMPERATURE (F)   46        31      1967


SUNRISE AND SUNSET
APRIL 28 2015.........SUNRISE   625 AM EDT   SUNSET   810 PM EDT
APRIL 29 2015.........SUNRISE   623 AM EDT   SUNSET   811 PM EDT


-  INDICATES NEGATIVE NUMBERS.
R  INDICATES RECORD WAS SET OR TIED.
MM INDICATES DATA IS MISSING.
T  INDICATES TRACE AMOUNT.




$$
