000
CDUS43 KTOP 182137
CLIMHK


CLIMATE REPORT
NATIONAL WEATHER SERVICE TOPEKA KS
437 PM CDT SAT APR 18 2015


...................................

...THE MANHATTAN KS CLIMATE SUMMARY FOR APRIL 18 2015...
VALID TODAY AS OF 0400 PM LOCAL TIME.

CLIMATE NORMAL PERIOD 1981 TO 2010
CLIMATE RECORD PERIOD 9999 TO 9999


WEATHER ITEM   OBSERVED NORMAL DEPARTURE LAST
                VALUE   VALUE  FROM      YEAR
                               NORMAL
...............................................
TEMPERATURE (F)
 TODAY
  MAXIMUM         72     68      4       71
  MINIMUM         59     42     17       29
  AVERAGE         66     55     11       50

PRECIPITATION (IN)
  TODAY            0.07   0.10  -0.03     0.00
  MONTH TO DATE    0.93   1.37  -0.44     0.63
  SINCE MAR 1      1.19   3.57  -2.38     1.16
  SINCE JAN 1      2.65   5.29  -2.64     2.38

DEGREE DAYS
 HEATING
  TODAY            0     11    -11       15
  MONTH TO DATE  118    240   -122      278
  SINCE MAR 1    699    916   -217     1028
  SINCE JUL 1   4893   5076   -183     5559

 COOLING
  TODAY            1      1      0        0
  MONTH TO DATE    7      7      0        9
  SINCE MAR 1      9      9      0        9
  SINCE JAN 1      9      9      0        9
...............................................


WIND (MPH)
  HIGHEST WIND SPEED    21   HIGHEST WIND DIRECTION     S (170)
  HIGHEST GUST SPEED    25   HIGHEST GUST DIRECTION     S (170)
  AVERAGE WIND SPEED     6.9



WEATHER CONDITIONS
 THE FOLLOWING WEATHER WAS RECORDED TODAY.
  LIGHT RAIN
  FOG


RELATIVE HUMIDITY (PERCENT)
 HIGHEST   100
 LOWEST     61
 AVERAGE    81

..........................................................


THE MANHATTAN KS CLIMATE NORMALS FOR TOMORROW
                         NORMAL
 MAXIMUM TEMPERATURE (F)   68
 MINIMUM TEMPERATURE (F)   43


SUNRISE AND SUNSET
APRIL 18 2015.........SUNRISE   646 AM CDT   SUNSET   807 PM CDT
APRIL 19 2015.........SUNRISE   644 AM CDT   SUNSET   808 PM CDT


-  INDICATES NEGATIVE NUMBERS.
R  INDICATES RECORD WAS SET OR TIED.
MM INDICATES DATA IS MISSING.
T  INDICATES TRACE AMOUNT.




$$
