000
CDUS43 KIND 180531
CLIMIE


CLIMATE REPORT
NATIONAL WEATHER SERVICE INDIANAPOLIS IN
130 AM EDT SAT APR 18 2015


...................................

...THE MUNCIE IN CLIMATE SUMMARY FOR APRIL 17 2015...

CLIMATE NORMAL PERIOD 1981 TO 2010
CLIMATE RECORD PERIOD 9999 TO 9999


WEATHER ITEM   OBSERVED TIME   NORMAL DEPARTURE LAST
                VALUE   (LST)  VALUE  FROM      YEAR
                                      NORMAL
......................................................
TEMPERATURE (F)
 YESTERDAY
  MAXIMUM         75    330 PM  62     13       66
  MINIMUM         48    652 AM  42      6       35
  AVERAGE         62            52     10       51

PRECIPITATION (IN)
  YESTERDAY        0.00          0.12  -0.12     0.00
  MONTH TO DATE    1.72          2.08  -0.36     4.63
  SINCE MAR 1      4.74          5.03  -0.29     6.16
  SINCE JAN 1      7.68          9.57  -1.89     9.12

DEGREE DAYS
 HEATING
  YESTERDAY        3            13    -10       14
  MONTH TO DATE  172           278   -106      272
  SINCE MAR 1   1038          1065    -27     1224
  SINCE JUL 1   5903          5448    455     6134

 COOLING
  YESTERDAY        0             0      0        0
  MONTH TO DATE    3             0      3        6
  SINCE MAR 1      3             1      2        6
  SINCE JAN 1      3             1      2        6
......................................................


WIND (MPH)
  HIGHEST WIND SPEED     8   HIGHEST WIND DIRECTION    NW (320)
  HIGHEST GUST SPEED    13   HIGHEST GUST DIRECTION    NW (320)
  AVERAGE WIND SPEED     2.4


SKY COVER
  AVERAGE SKY COVER 0.4


WEATHER CONDITIONS
 THE FOLLOWING WEATHER WAS RECORDED YESTERDAY.
  FOG
  FOG W/VISIBILITY <= 1/4 MILE
  HAZE


RELATIVE HUMIDITY (PERCENT)
 HIGHEST   100           100 AM
 LOWEST     29           300 PM
 AVERAGE    65

..........................................................


THE MUNCIE IN CLIMATE NORMALS FOR TODAY
                         NORMAL
 MAXIMUM TEMPERATURE (F)   63
 MINIMUM TEMPERATURE (F)   42


SUNRISE AND SUNSET
APRIL 18 2015.........SUNRISE   659 AM EDT   SUNSET   823 PM EDT
APRIL 19 2015.........SUNRISE   658 AM EDT   SUNSET   824 PM EDT


-  INDICATES NEGATIVE NUMBERS.
R  INDICATES RECORD WAS SET OR TIED.
MM INDICATES DATA IS MISSING.
T  INDICATES TRACE AMOUNT.




$$
