000
CDUS42 KMLB 010626
CLIMLB


CLIMATE REPORT
NATIONAL WEATHER SERVICE MELBOURNE FL
226 AM EDT WED APR 1 2015


...................................

...THE MELBOURNE CLIMATE SUMMARY FOR MARCH 31 2015...

CLIMATE NORMAL PERIOD 1981 TO 2010
CLIMATE RECORD PERIOD 1939 TO 2015


WEATHER ITEM   OBSERVED TIME   RECORD YEAR NORMAL DEPARTURE LAST
                VALUE   (LST)  VALUE       VALUE  FROM      YEAR
                                                  NORMAL
..................................................................
TEMPERATURE (F)
 YESTERDAY
  MAXIMUM         80    309 PM  91    1954  79      1       75
  MINIMUM         56    627 AM  36    1971  57     -1       49
  AVERAGE         68                        68      0       62

PRECIPITATION (IN)
  YESTERDAY        0.00          1.42 2011   0.11  -0.11     0.00
  MONTH TO DATE    0.43                      3.28  -2.85     2.02
  SINCE MAR 1      0.43                      3.28  -2.85     2.02
  SINCE JAN 1      6.54                      8.08  -1.54     9.08

SNOWFALL (IN)
  YESTERDAY        0.0
  MONTH TO DATE    0.0
  SINCE JUL 1      0.0

DEGREE DAYS
 HEATING
  YESTERDAY        0                         1     -1        3
  MONTH TO DATE   14                        70    -56       49
  SINCE MAR 1     14                        71    -57       49
  SINCE JUL 1    424                       560   -136      355

 COOLING
  YESTERDAY        3                         4     -1        0
  MONTH TO DATE  239                        99    140      111
  SINCE MAR 1    239                        99    140      111
  SINCE JAN 1    337                       197    140      279
..................................................................


WIND (MPH)
  HIGHEST WIND SPEED    14   HIGHEST WIND DIRECTION    SE (130)
  HIGHEST GUST SPEED    17   HIGHEST GUST DIRECTION    SE (120)
  AVERAGE WIND SPEED     6.0


SKY COVER
  AVERAGE SKY COVER 0.2


WEATHER CONDITIONS
 THE FOLLOWING WEATHER WAS RECORDED YESTERDAY.
  NO SIGNIFICANT WEATHER WAS OBSERVED.


RELATIVE HUMIDITY (PERCENT)
 HIGHEST    93           600 AM
 LOWEST     54           100 PM
 AVERAGE    74

..........................................................


THE MELBOURNE CLIMATE NORMALS FOR TODAY
                         NORMAL    RECORD    YEAR
 MAXIMUM TEMPERATURE (F)   79        92      1975
 MINIMUM TEMPERATURE (F)   57        41      1971


SUNRISE AND SUNSET
APRIL  1 2015.........SUNRISE   713 AM EDT   SUNSET   740 PM EDT
APRIL  2 2015.........SUNRISE   712 AM EDT   SUNSET   741 PM EDT


-  INDICATES NEGATIVE NUMBERS.
R  INDICATES RECORD WAS SET OR TIED.
MM INDICATES DATA IS MISSING.
T  INDICATES TRACE AMOUNT.




$$
