000
CDUS45 KBYZ 180933
CLIMLS


CLIMATE REPORT
NATIONAL WEATHER SERVICE BILLINGS MT
332 AM MDT SAT APR 18 2015


...................................

...THE MILES CITY MT CLIMATE SUMMARY FOR APRIL 17 2015...

CLIMATE NORMAL PERIOD 1981 TO 2010
CLIMATE RECORD PERIOD 1937 TO 2015


WEATHER ITEM   OBSERVED TIME   RECORD YEAR NORMAL DEPARTURE LAST
                VALUE   (LST)  VALUE       VALUE  FROM      YEAR
                                                  NORMAL
..................................................................
TEMPERATURE (F)
 YESTERDAY
  MAXIMUM         69    243 PM  88    1994  60      9       60
  MINIMUM         31    457 AM  19    1953  34     -3       31
  AVERAGE         50                        47      3       46

PRECIPITATION (IN)
  YESTERDAY        0.00          0.45        0.05  -0.05     0.00
  MONTH TO DATE    0.01                      0.66  -0.65     0.09
  SINCE OCT 1      1.47                      3.41  -1.94     3.33
  SINCE JAN 1      0.46                      1.81  -1.35     1.65

DEGREE DAYS
 HEATING
  YESTERDAY       15                        18     -3       19
  MONTH TO DATE  322                       361    -39      416
  SINCE MAR 1    987                      1302   -315     1471
  SINCE JUL 1   6457                      7036   -579     7510

 COOLING
  YESTERDAY        0                         0      0        0
  MONTH TO DATE    0                         0      0        0
  SINCE MAR 1      0                         0      0        0
  SINCE JAN 1      0                         0      0        0
..................................................................


WIND (MPH)
  HIGHEST WIND SPEED    15   HIGHEST WIND DIRECTION     S (160)
  HIGHEST GUST SPEED    19   HIGHEST GUST DIRECTION     S (160)
  AVERAGE WIND SPEED     6.6


SKY COVER
  POSSIBLE SUNSHINE  MM
  AVERAGE SKY COVER 0.0


WEATHER CONDITIONS
 THE FOLLOWING WEATHER WAS RECORDED YESTERDAY.
  NO SIGNIFICANT WEATHER WAS OBSERVED.


RELATIVE HUMIDITY (PERCENT)
 HIGHEST    69           500 AM
 LOWEST     22           400 PM
 AVERAGE    46

..........................................................


THE MILES CITY MT CLIMATE NORMALS FOR TODAY
                         NORMAL    RECORD    YEAR
 MAXIMUM TEMPERATURE (F)   60        83      1980
 MINIMUM TEMPERATURE (F)   34        15      1953


SUNRISE AND SUNSET
APRIL 18 2015.........SUNRISE   612 AM MDT   SUNSET   755 PM MDT
APRIL 19 2015.........SUNRISE   610 AM MDT   SUNSET   756 PM MDT


-  INDICATES NEGATIVE NUMBERS.
R  INDICATES RECORD WAS SET OR TIED.
MM INDICATES DATA IS MISSING.
T  INDICATES TRACE AMOUNT.





&&

THIS IS AN AUTOMATED...UNATTENDED WEATHER STATION AND MAY
UNDERESTIMATE WINTER PRECIPITATION.

$$
