000
CDUS41 KLWX 042126
CLIMRB


CLIMATE REPORT
NATIONAL WEATHER SERVICE BALTIMORE MD/WASHINGTON DC
525 PM EDT MON MAY 4 2015


...................................

...THE MARTINSBURG WV CLIMATE SUMMARY FOR MAY 4 2015...
VALID TODAY AS OF 0500 PM LOCAL TIME.

CLIMATE NORMAL PERIOD 1981 TO 2010
CLIMATE RECORD PERIOD 1926 TO 2015


WEATHER ITEM   OBSERVED TIME   RECORD YEAR NORMAL DEPARTURE LAST
                VALUE   (LST)  VALUE       VALUE  FROM      YEAR
                                                  NORMAL
..................................................................
TEMPERATURE (F)
 TODAY
  MAXIMUM         85    318 PM  91    1938  70     15       74
  MINIMUM         47    516 AM  31    1957  46      1       48
  AVERAGE         66                        58      8       61

PRECIPITATION (IN)
  TODAY            0.00          1.39 2009   0.14  -0.14     0.00
  MONTH TO DATE    T                         0.52  -0.52     0.02
  SINCE MAR 1      5.62                      7.38  -1.76     5.85
  SINCE JAN 1      7.91                     12.16  -4.25     9.60

DEGREE DAYS
 HEATING
  TODAY            0                         8     -8        4
  MONTH TO DATE   14                        33    -19       20
  SINCE MAR 1   1041                      1134    -93     1217
  SINCE JUL 1   4964                      5090   -126     5310

 COOLING
  TODAY            1                         1      0        0
  MONTH TO DATE    1                         4     -3        0
  SINCE MAR 1      2                        13    -11        7
  SINCE JAN 1      2                        13    -11        7
..................................................................


WIND (MPH)
  HIGHEST WIND SPEED    16   HIGHEST WIND DIRECTION     S (190)
  HIGHEST GUST SPEED    22   HIGHEST GUST DIRECTION     S (160)
  AVERAGE WIND SPEED     4.8


SKY COVER
  POSSIBLE SUNSHINE  MM
  AVERAGE SKY COVER 0.1


WEATHER CONDITIONS
 THE FOLLOWING WEATHER WAS RECORDED TODAY.
  NO SIGNIFICANT WEATHER WAS OBSERVED.


RELATIVE HUMIDITY (PERCENT)
 HIGHEST    86           300 AM
 LOWEST     27           200 PM
 AVERAGE    57

..........................................................


THE MARTINSBURG WV CLIMATE NORMALS FOR TOMORROW
                         NORMAL    RECORD    YEAR
 MAXIMUM TEMPERATURE (F)   70        90      1980
 MINIMUM TEMPERATURE (F)   46        30      1966


SUNRISE AND SUNSET
MAY  4 2015...........SUNRISE   610 AM EDT   SUNSET   808 PM EDT
MAY  5 2015...........SUNRISE   609 AM EDT   SUNSET   809 PM EDT


-  INDICATES NEGATIVE NUMBERS.
R  INDICATES RECORD WAS SET OR TIED.
MM INDICATES DATA IS MISSING.
T  INDICATES TRACE AMOUNT.




$$
