000
CDUS44 KLIX 252124
CLINEW


CLIMATE REPORT
NATIONAL WEATHER SERVICE NEW ORLEANS
423 PM CDT SAT APR 25 2015


...................................

...THE NEW ORLEANS CLIMATE SUMMARY FOR APRIL 25 2015...
VALID TODAY AS OF 0400 PM LOCAL TIME.

CLIMATE NORMAL PERIOD 1981 TO 2010
CLIMATE RECORD PERIOD 1946 TO 2015


WEATHER ITEM   OBSERVED TIME   RECORD YEAR NORMAL DEPARTURE LAST
                VALUE   (LST)  VALUE       VALUE  FROM      YEAR
                                                  NORMAL
..................................................................
TEMPERATURE (F)
 TODAY
  MAXIMUM         85   1009 AM  88    2006  80      5       86
                                      1967
  MINIMUM         70    152 PM  40    1968  63      7       69
  AVERAGE         78                        72      6       78

PRECIPITATION (IN)
  TODAY            0.56          7.67 2004   0.16   0.40     0.00
  MONTH TO DATE    9.66                      3.80   5.86     2.17
  SINCE MAR 1     16.02                      8.35   7.67     7.42
  SINCE JAN 1     23.72                     18.80   4.92    16.45

SNOWFALL (IN)
  TODAY            0.0
  MONTH TO DATE    0.0
  SINCE MAR 1      0.0
  SINCE JUL 1      0.0
  SNOW DEPTH       0

DEGREE DAYS
 HEATING
  TODAY            0                         0      0        0
  MONTH TO DATE    0                        32    -32       41
  SINCE MAR 1     70                       168    -98      228
  SINCE JUL 1   1274                      1277     -3     1581

 COOLING
  TODAY           13                         7      6       13
  MONTH TO DATE  243                       120    123      100
  SINCE MAR 1    367                       183    184      121
  SINCE JAN 1    385                       220    165      145
..................................................................


WIND (MPH)
  HIGHEST WIND SPEED    33   HIGHEST WIND DIRECTION    NW (300)
  HIGHEST GUST SPEED    42   HIGHEST GUST DIRECTION     W (290)
  AVERAGE WIND SPEED    11.3


SKY COVER
  POSSIBLE SUNSHINE  MM
  AVERAGE SKY COVER 0.8


WEATHER CONDITIONS
 THE FOLLOWING WEATHER WAS RECORDED TODAY.
  THUNDERSTORM
  HEAVY RAIN
  RAIN
  LIGHT RAIN
  FOG
  HAZE


RELATIVE HUMIDITY (PERCENT)
 HIGHEST    88           400 AM
 LOWEST     69          1100 AM
 AVERAGE    79

..........................................................


THE NEW ORLEANS CLIMATE NORMALS FOR TOMORROW
                         NORMAL    RECORD    YEAR
 MAXIMUM TEMPERATURE (F)   81        88      1967
 MINIMUM TEMPERATURE (F)   63        46      1995


SUNRISE AND SUNSET
APRIL 25 2015.........SUNRISE   624 AM CDT   SUNSET   734 PM CDT
APRIL 26 2015.........SUNRISE   623 AM CDT   SUNSET   735 PM CDT


-  INDICATES NEGATIVE NUMBERS.
R  INDICATES RECORD WAS SET OR TIED.
MM INDICATES DATA IS MISSING.
T  INDICATES TRACE AMOUNT.




$$
