000
CDUS46 KSEW 070121
CLIOLM


CLIMATE REPORT
NATIONAL WEATHER SERVICE SEATTLE WA
620 PM PDT WED MAY 6 2015


...................................

...THE OLYMPIA WA AIRPORT CLIMATE SUMMARY FOR MAY 6 2015...
VALID TODAY AS OF 0600 PM LOCAL TIME.

CLIMATE NORMAL PERIOD 1981 TO 2010
CLIMATE RECORD PERIOD 1948 TO 2015


WEATHER ITEM   OBSERVED TIME   RECORD YEAR NORMAL DEPARTURE LAST
                VALUE   (LST)  VALUE       VALUE  FROM      YEAR
                                                  NORMAL
..................................................................
TEMPERATURE (F)
 TODAY
  MAXIMUM         62    459 PM  86    2013  63     -1       63
  MINIMUM         40    548 AM  27    1965  41     -1       39
  AVERAGE         51                        52     -1       51

PRECIPITATION (IN)
  TODAY            0.00          1.01 2009   0.09  -0.09     0.00
  MONTH TO DATE    0.35                      0.51  -0.16     1.62
  SINCE OCT 1     39.20                     43.14  -3.94    36.93
  SINCE JAN 1     20.17                     22.45  -2.28    28.09

DEGREE DAYS
 HEATING
  TODAY           14                        13      1       14
  MONTH TO DATE   79                        81     -2       58
  SINCE MAR 1   1091                      1218   -127     1090
  SINCE JUL 1   4126                      4940   -814     4873

 COOLING
  TODAY            0                         0      0        0
  MONTH TO DATE    0                         0      0        0
  SINCE MAR 1      0                         0      0        0
  SINCE JAN 1      0                         0      0        0
..................................................................


WIND (MPH)
  RESULTANT WIND SPEED   3   RESULTANT WIND DIRECTION   N (20)
  HIGHEST WIND SPEED    14   HIGHEST WIND DIRECTION    NE (30)
  HIGHEST GUST SPEED    19   HIGHEST GUST DIRECTION     N (10)
  AVERAGE WIND SPEED     3.7


SKY COVER
  AVERAGE SKY COVER 0.7


WEATHER CONDITIONS
 THE FOLLOWING WEATHER WAS RECORDED TODAY.
  FOG
  FOG W/VISIBILITY <= 1/4 MILE


RELATIVE HUMIDITY (PERCENT)
 HIGHEST   100           300 AM
 LOWEST     39           500 PM
 AVERAGE    70

..........................................................


THE OLYMPIA WA AIRPORT CLIMATE NORMALS FOR TOMORROW
                         NORMAL    RECORD    YEAR
 MAXIMUM TEMPERATURE (F)   64        84      1987
 MINIMUM TEMPERATURE (F)   41        26      2002


SUNRISE AND SUNSET
MAY  6 2015...........SUNRISE   549 AM PDT   SUNSET   829 PM PDT
MAY  7 2015...........SUNRISE   547 AM PDT   SUNSET   830 PM PDT


-  INDICATES NEGATIVE NUMBERS.
R  INDICATES RECORD WAS SET OR TIED.
MM INDICATES DATA IS MISSING.
T  INDICATES TRACE AMOUNT.




$$
