000
CDUS43 KDDC 052332
CLIP28


CLIMATE REPORT
NATIONAL WEATHER SERVICE DODGE CITY KS
631 PM CDT TUE MAY 5 2015


...................................

...THE MEDICINE LODGE KS CLIMATE SUMMARY FOR MAY 5 2015...
VALID TODAY AS OF 0500 PM LOCAL TIME.

CLIMATE NORMAL PERIOD 1981 TO 2010
CLIMATE RECORD PERIOD 1893 TO 2015


WEATHER ITEM   OBSERVED TIME   RECORD YEAR NORMAL DEPARTURE LAST
                VALUE   (LST)  VALUE       VALUE  FROM      YEAR
                                                  NORMAL
..................................................................
TEMPERATURE (F)
 TODAY
  MAXIMUM         72   1211 PM 102    1940  75     -3       91
  MINIMUM         61    656 AM  34    1979  51     10       68
  AVERAGE         67                        63      4       80

PRECIPITATION (IN)
  TODAY            0.16          1.84 1913   0.10   0.06     0.00
  MONTH TO DATE    0.16                      0.52  -0.36     0.00
  SINCE MAR 1      4.02                      5.21  -1.19     1.12
  SINCE JAN 1      5.33                      6.96  -1.63     2.07

DEGREE DAYS
 HEATING
  TODAY            0                         4     -4        0
  MONTH TO DATE    0                        22    -22       22
  SINCE MAR 1    643                       878   -235     1010
  SINCE JUL 1   4217                      4407   -190     4961

 COOLING
  TODAY            2                         2      0       15
  MONTH TO DATE   26                         9     17       34
  SINCE MAR 1     58                        33     25       63
  SINCE JAN 1     58                        33     25       63
..................................................................


WIND (MPH)
  HIGHEST WIND SPEED    21   HIGHEST WIND DIRECTION     S (170)
  HIGHEST GUST SPEED    32   HIGHEST GUST DIRECTION     S (180)
  AVERAGE WIND SPEED    10.9




RELATIVE HUMIDITY (PERCENT)
 HIGHEST   100           300 PM
 LOWEST     53          1200 PM
 AVERAGE    77

..........................................................


THE MEDICINE LODGE KS CLIMATE NORMALS FOR TOMORROW
                         NORMAL    RECORD    YEAR
 MAXIMUM TEMPERATURE (F)   76       103      2014
 MINIMUM TEMPERATURE (F)   51        31      1944


SUNRISE AND SUNSET
MAY  5 2015...........SUNRISE   635 AM CDT   SUNSET   827 PM CDT
MAY  6 2015...........SUNRISE   634 AM CDT   SUNSET   828 PM CDT


-  INDICATES NEGATIVE NUMBERS.
R  INDICATES RECORD WAS SET OR TIED.
MM INDICATES DATA IS MISSING.
T  INDICATES TRACE AMOUNT.




$$
