000
CDUS45 KRIW 020056
CLIP60


CLIMATE REPORT
NATIONAL WEATHER SERVICE RIVERTON WY
656 PM MDT WED APR 1 2015


...................................

...THE LAKE YELLOWSTONE WY CLIMATE SUMMARY FOR APRIL 1 2015...
VALID TODAY AS OF 0500 PM LOCAL TIME.

CLIMATE NORMAL PERIOD 1981 TO 2010
CLIMATE RECORD PERIOD 1998 TO 2015


WEATHER ITEM   OBSERVED TIME   RECORD YEAR NORMAL DEPARTURE LAST
                VALUE   (LST)  VALUE       VALUE  FROM      YEAR
                                                  NORMAL
..................................................................
TEMPERATURE (F)
 TODAY
  MAXIMUM         43        MM  52    2004  41      2       36
  MINIMUM         23        MM  -9    2008  14      9       -6
  AVERAGE         33

PRECIPITATION (IN)
  TODAY            0.00          0.24 2007   0.06  -0.06     0.07
  MONTH TO DATE    0.00                      0.06  -0.06     0.07
  SINCE MAR 1      0.75                      1.27  -0.52     4.65
  SINCE JAN 1      3.64                      4.79  -1.15     9.73

DEGREE DAYS
 HEATING
  TODAY           32                        38     -6       50
  MONTH TO DATE   32                        38     -6       50
  SINCE MAR 1   1206                      1340   -134     1423
  SINCE JUL 1   8770                      9277   -507     9476

 COOLING
  TODAY            0                         0      0        0
  MONTH TO DATE    0                         0      0        0
  SINCE MAR 1      0                         0      0        0
  SINCE JAN 1      0                         0      0        0
..................................................................


WIND (MPH)
  HIGHEST WIND SPEED    14   HIGHEST WIND DIRECTION     W (290)
  HIGHEST GUST SPEED    23   HIGHEST GUST DIRECTION     W (280)
  AVERAGE WIND SPEED     9.2


SKY COVER
  POSSIBLE SUNSHINE  MM
  AVERAGE SKY COVER 0.0


WEATHER CONDITIONS
 THE FOLLOWING WEATHER WAS RECORDED TODAY.
  NO SIGNIFICANT WEATHER WAS OBSERVED.


RELATIVE HUMIDITY (PERCENT)
 HIGHEST    68           300 PM
 LOWEST     42           100 PM
 AVERAGE    55

..........................................................


THE LAKE YELLOWSTONE WY CLIMATE NORMALS FOR TOMORROW
                         NORMAL    RECORD    YEAR
 MAXIMUM TEMPERATURE (F)   41        49      2013
 MINIMUM TEMPERATURE (F)   14       -17      2008


SUNRISE AND SUNSET
APRIL  1 2015.........SUNRISE   703 AM MDT   SUNSET   749 PM MDT
APRIL  2 2015.........SUNRISE   701 AM MDT   SUNSET   750 PM MDT


-  INDICATES NEGATIVE NUMBERS.
R  INDICATES RECORD WAS SET OR TIED.
MM INDICATES DATA IS MISSING.
T  INDICATES TRACE AMOUNT.




$$
