000
CDUS45 KLKN 190931
CLIP68


CLIMATE REPORT
NATIONAL WEATHER SERVICE ELKO NV
228 AM PDT SUN APR 19 2015


...................................

...THE EUREKA AIRPORT NV CLIMATE SUMMARY FOR APRIL 18 2015...

CLIMATE NORMAL PERIOD 1981 TO 2010
CLIMATE RECORD PERIOD 1963 TO 2015


WEATHER ITEM   OBSERVED TIME   RECORD YEAR NORMAL DEPARTURE LAST
                VALUE   (LST)  VALUE       VALUE  FROM      YEAR
                                                  NORMAL
..................................................................
TEMPERATURE (F)
 YESTERDAY
  MAXIMUM         69    328 PM  79    1994  59     10       68
                                      1989
  MINIMUM         29    400 AM   9    1968  28      1       42
  AVERAGE         49                        44      5       55

PRECIPITATION (IN)
  YESTERDAY        0.00          0.23 1964   0.03  -0.03     0.00
  MONTH TO DATE    0.24                      0.56  -0.32     0.13
  SINCE OCT 1      2.26                      5.22  -2.96     4.87
  SINCE JAN 1      1.14                      3.09  -1.95     2.47

DEGREE DAYS
 HEATING
  YESTERDAY       16                        21     -5       10
  MONTH TO DATE  433                       417     16      351
  SINCE MAR 1   1073                      1288   -215     1129
  SINCE JUL 1   5116                      6573  -1457     5933

 COOLING
  YESTERDAY        0                         0      0        0
  MONTH TO DATE    0                         0      0        0
  SINCE MAR 1      0                         0      0        0
  SINCE JAN 1      0                         0      0        0
..................................................................


WIND (MPH)
  HIGHEST WIND SPEED    23   HIGHEST WIND DIRECTION     N (350)
  HIGHEST GUST SPEED    29   HIGHEST GUST DIRECTION     N (360)
  AVERAGE WIND SPEED    10.1




RELATIVE HUMIDITY (PERCENT)
 HIGHEST    47           100 AM
 LOWEST     11           500 PM
 AVERAGE    29

..........................................................


THE EUREKA AIRPORT NV CLIMATE NORMALS FOR TODAY
                         NORMAL    RECORD    YEAR
 MAXIMUM TEMPERATURE (F)   60        79      1989
 MINIMUM TEMPERATURE (F)   29        12      2007
                                             1987


SUNRISE AND SUNSET
APRIL 19 2015.........SUNRISE   601 AM PDT   SUNSET   726 PM PDT
APRIL 20 2015.........SUNRISE   600 AM PDT   SUNSET   727 PM PDT


-  INDICATES NEGATIVE NUMBERS.
R  INDICATES RECORD WAS SET OR TIED.
MM INDICATES DATA IS MISSING.
T  INDICATES TRACE AMOUNT.




$$
