000
CDUS46 KPQR 192320
CLIPDX


CLIMATE REPORT
NATIONAL WEATHER SERVICE PORTLAND OREGON
420 PM PDT SUN APR 19 2015


...................................

...THE PORTLAND OR CLIMATE SUMMARY FOR APRIL 19 2015...
VALID TODAY AS OF 0400 PM LOCAL TIME.

CLIMATE NORMAL PERIOD 1981 TO 2010
CLIMATE RECORD PERIOD 1940 TO 2015


WEATHER ITEM   OBSERVED TIME   RECORD YEAR NORMAL DEPARTURE LAST
                VALUE   (LST)  VALUE       VALUE  FROM      YEAR
                                                  NORMAL
..................................................................
TEMPERATURE (F)
 TODAY
  MAXIMUM         76    259 PM  80    1956  62     14       59
  MINIMUM         45    545 AM  31    1982  43      2       42
  AVERAGE         61                        53      8       51

PRECIPITATION (IN)
  TODAY            0.00          1.01 1965   0.10  -0.10     0.07
  MONTH TO DATE    1.47                      1.82  -0.35     1.32
  SINCE OCT 1     28.20                     28.16   0.04    22.48
  SINCE JAN 1     13.22                     14.04  -0.82    16.66

DEGREE DAYS
 HEATING
  TODAY            4                        12     -8       14
  MONTH TO DATE  255                       259     -4      212
  SINCE MAR 1    637                       781   -144      696
  SINCE JUL 1   3109                      3839   -730     3994

 COOLING
  TODAY            0                         0      0        0
  MONTH TO DATE    0                         0      0        0
  SINCE MAR 1      0                         0      0        0
  SINCE JAN 1      0                         0      0        0
..................................................................


WIND (MPH)
  HIGHEST WIND SPEED    12   HIGHEST WIND DIRECTION     W (270)
  HIGHEST GUST SPEED    14   HIGHEST GUST DIRECTION     W (290)
  AVERAGE WIND SPEED     2.7



WEATHER CONDITIONS
 THE FOLLOWING WEATHER WAS RECORDED TODAY.
  NO SIGNIFICANT WEATHER WAS OBSERVED.


RELATIVE HUMIDITY (PERCENT)
 HIGHEST    82           400 AM
 LOWEST     33           300 PM
 AVERAGE    58

..........................................................


THE PORTLAND OR CLIMATE NORMALS FOR TOMORROW
                         NORMAL    RECORD    YEAR
 MAXIMUM TEMPERATURE (F)   62        84      1956
 MINIMUM TEMPERATURE (F)   44        33      1975


SUNRISE AND SUNSET
APRIL 19 2015.........SUNRISE   618 AM PDT   SUNSET   802 PM PDT
APRIL 20 2015.........SUNRISE   616 AM PDT   SUNSET   803 PM PDT


-  INDICATES NEGATIVE NUMBERS.
R  INDICATES RECORD WAS SET OR TIED.
MM INDICATES DATA IS MISSING.
T  INDICATES TRACE AMOUNT.




$$
