000
CDUS45 KPIH 190732
CLIPIH


CLIMATE REPORT
NATIONAL WEATHER SERVICE POCATELLO ID
132 AM MDT SUN APR 19 2015


...................................

...THE POCATELLO ID CLIMATE SUMMARY FOR APRIL 18 2015...

CLIMATE NORMAL PERIOD 1981 TO 2010
CLIMATE RECORD PERIOD 1939 TO 2015


WEATHER ITEM   OBSERVED TIME   RECORD YEAR NORMAL DEPARTURE LAST
                VALUE   (LST)  VALUE       VALUE  FROM      YEAR
                                                  NORMAL
..................................................................
TEMPERATURE (F)
 YESTERDAY
  MAXIMUM         70    431 PM  84    1994  59     11       60
  MINIMUM         38    614 AM  13    2013  33      5       43
  AVERAGE         54                        46      8       52

PRECIPITATION (IN)
  YESTERDAY        0.00          0.49 2007   0.03  -0.03     0.05
                                      1991
  MONTH TO DATE    0.39                      0.64  -0.25     0.43
  SINCE OCT 1      4.13                      7.08  -2.95     5.80
  SINCE JAN 1      1.74                      3.86  -2.12     4.43

SNOWFALL (IN)
  YESTERDAY        0.0
  MONTH TO DATE    2.9
  SINCE MAR 1      5.5
  SINCE JUL 1     20.3
  SNOW DEPTH       0

DEGREE DAYS
 HEATING
  YESTERDAY       11                        19     -8       13
  MONTH TO DATE  381                       375      6      342
  SINCE MAR 1   1018                      1214   -196     1073
  SINCE JUL 1   5359                      6487  -1128     6053

 COOLING
  YESTERDAY        0                         0      0        0
  MONTH TO DATE    0                         0      0        0
  SINCE MAR 1      0                         0      0        0
  SINCE JAN 1      0                         0      0        0
..................................................................


WIND (MPH)
  HIGHEST WIND SPEED    17   HIGHEST WIND DIRECTION     W (260)
  HIGHEST GUST SPEED    21   HIGHEST GUST DIRECTION     W (270)
  AVERAGE WIND SPEED     7.7


SKY COVER
  POSSIBLE SUNSHINE  MM
  AVERAGE SKY COVER 0.1


WEATHER CONDITIONS
 THE FOLLOWING WEATHER WAS RECORDED YESTERDAY.
  HAZE


RELATIVE HUMIDITY (PERCENT)
 HIGHEST    58           700 AM
 LOWEST     17           400 PM
 AVERAGE    38

..........................................................


THE POCATELLO ID CLIMATE NORMALS FOR TODAY
                         NORMAL    RECORD    YEAR
 MAXIMUM TEMPERATURE (F)   59        83      1994
                                             1962
 MINIMUM TEMPERATURE (F)   33        19      1982


SUNRISE AND SUNSET
APRIL 19 2015.........SUNRISE   643 AM MDT   SUNSET   817 PM MDT
APRIL 20 2015.........SUNRISE   641 AM MDT   SUNSET   818 PM MDT


-  INDICATES NEGATIVE NUMBERS.
R  INDICATES RECORD WAS SET OR TIED.
MM INDICATES DATA IS MISSING.
T  INDICATES TRACE AMOUNT.




$$
