000
CDUS41 KRLX 012119
CLIPKB


CLIMATE REPORT
NATIONAL WEATHER SERVICE CHARLESTON WV
518 PM EDT WED APR 1 2015


...................................

...THE PARKERSBURG WV CLIMATE SUMMARY FOR APRIL 1 2015...
VALID TODAY AS OF 0500 PM LOCAL TIME.

CLIMATE NORMAL PERIOD 1981 TO 2010
CLIMATE RECORD PERIOD 1889 TO 2015


WEATHER ITEM   OBSERVED TIME   RECORD YEAR NORMAL DEPARTURE LAST
                VALUE   (LST)  VALUE       VALUE  FROM      YEAR
                                                  NORMAL
..................................................................
TEMPERATURE (F)
 TODAY
  MAXIMUM         63    338 PM  87    1974  61      2       80
  MINIMUM         27    643 AM  15    1923  38    -11       37
  AVERAGE         45                        49     -4       59

PRECIPITATION (IN)
  TODAY            0.00          0.91 2005   0.12  -0.12      T
  MONTH TO DATE    0.00                      0.12  -0.12      T
  SINCE MAR 1      5.59                      3.85   1.74      M
  SINCE JAN 1      9.48                      9.50  -0.02      M

DEGREE DAYS
 HEATING
  TODAY           20                        16      4        M
  MONTH TO DATE   20                        16      4        M
  SINCE MAR 1    761                       687     74        M
  SINCE JUL 1   4979                      4477    502        M

 COOLING
  TODAY            0                         0      0        0
  MONTH TO DATE    0                         0      0        0
  SINCE MAR 1      0                         3     -3        0
  SINCE JAN 1      0                         3     -3        0
..................................................................


WIND (MPH)
  HIGHEST WIND SPEED    13   HIGHEST WIND DIRECTION     N (10)
  HIGHEST GUST SPEED    18   HIGHEST GUST DIRECTION    NW (310)
  AVERAGE WIND SPEED     2.6


SKY COVER
  POSSIBLE SUNSHINE  MM
  AVERAGE SKY COVER 0.0


WEATHER CONDITIONS
 THE FOLLOWING WEATHER WAS RECORDED TODAY.
  FOG


RELATIVE HUMIDITY (PERCENT)
 HIGHEST    85           500 AM
 LOWEST     25           400 PM
 AVERAGE    55

..........................................................


THE PARKERSBURG WV CLIMATE NORMALS FOR TOMORROW
                         NORMAL    RECORD    YEAR
 MAXIMUM TEMPERATURE (F)   61        88      2010
 MINIMUM TEMPERATURE (F)   38        21      1922


SUNRISE AND SUNSET
APRIL  1 2015.........SUNRISE   711 AM EDT   SUNSET   749 PM EDT
APRIL  2 2015.........SUNRISE   709 AM EDT   SUNSET   750 PM EDT


-  INDICATES NEGATIVE NUMBERS.
R  INDICATES RECORD WAS SET OR TIED.
MM INDICATES DATA IS MISSING.
T  INDICATES TRACE AMOUNT.




$$
