000
CDUS46 KLOX 180112
CLIPMD


CLIMATE REPORT
NATIONAL WEATHER SERVICE LOS ANGELES/OXNARD CA
612 PM PDT FRI APR 17 2015


...................................

...THE PALMDALE AIRPORT CA CLIMATE SUMMARY FOR APRIL 17 2015...
VALID TODAY AS OF 0600 PM LOCAL TIME.

CLIMATE NORMAL PERIOD 1981 TO 2010
CLIMATE RECORD PERIOD 1931 TO 2015


WEATHER ITEM   OBSERVED TIME   RECORD YEAR NORMAL DEPARTURE LAST
                VALUE   (LST)  VALUE       VALUE  FROM      YEAR
                                                  NORMAL
..................................................................
TEMPERATURE (F)
 TODAY
  MAXIMUM         80    405 PM  94    1954  73      7       83
  MINIMUM         43    535 AM  30    1944  44     -1       53
  AVERAGE         62                        58      4       68

PRECIPITATION (IN)
  TODAY            0.00          0.10 1957   0.02  -0.02     0.00
  MONTH TO DATE    T                         0.29  -0.29     0.11
  SINCE OCT 1      4.04                      7.25  -3.21     4.01
  SINCE JAN 1      1.47                      4.80  -3.33     2.07

SNOWFALL (IN)
  TODAY            0.0           T    1963  MM               0.0
  MONTH TO DATE    0.0                      MM               0.0
  SINCE MAR 1      0.0                      MM               0.0
  SINCE JUL 1      0.0                      MM               0.0
  SNOW DEPTH       0

DEGREE DAYS
 HEATING
  TODAY            3                         7     -4        0
  MONTH TO DATE  123                       155    -32       86
  SINCE MAR 1    307                       531   -224      349
  SINCE JUL 1   1962                      2776   -814     2247

 COOLING
  TODAY            0                         1     -1        3
  MONTH TO DATE    3                         2      1       30
  SINCE MAR 1     11                         4      7       30
  SINCE JAN 1     11                         4      7       31
..................................................................


WIND (MPH)
  HIGHEST WIND SPEED    21   HIGHEST WIND DIRECTION    SW (240)
  HIGHEST GUST SPEED    23   HIGHEST GUST DIRECTION    SW (240)
  AVERAGE WIND SPEED     7.2


SKY COVER
  POSSIBLE SUNSHINE  MM
  AVERAGE SKY COVER 0.0


WEATHER CONDITIONS
 THE FOLLOWING WEATHER WAS RECORDED TODAY.
  NO SIGNIFICANT WEATHER WAS OBSERVED.


RELATIVE HUMIDITY (PERCENT)
 HIGHEST    34           400 AM
 LOWEST      7           200 PM
 AVERAGE    21

..........................................................


THE PALMDALE AIRPORT CA CLIMATE NORMALS FOR TOMORROW
                         NORMAL    RECORD    YEAR
 MAXIMUM TEMPERATURE (F)   73        95      1994
 MINIMUM TEMPERATURE (F)   44        28      1968


SUNRISE AND SUNSET
APRIL 17 2015.........SUNRISE   618 AM PDT   SUNSET   726 PM PDT
APRIL 18 2015.........SUNRISE   617 AM PDT   SUNSET   727 PM PDT


-  INDICATES NEGATIVE NUMBERS.
R  INDICATES RECORD WAS SET OR TIED.
MM INDICATES DATA IS MISSING.
T  INDICATES TRACE AMOUNT.




$$
