000
CDUS41 KBOX 250551
CLIPVD


CLIMATE REPORT
NATIONAL WEATHER SERVICE TAUNTON MA
148 AM EDT SAT APR 25 2015


...................................

...THE PROVIDENCE RI CLIMATE SUMMARY FOR APRIL 24 2015...

CLIMATE NORMAL PERIOD 1981 TO 2010
CLIMATE RECORD PERIOD 1904 TO 2015


WEATHER ITEM   OBSERVED TIME   RECORD YEAR NORMAL DEPARTURE LAST
                VALUE   (LST)  VALUE       VALUE  FROM      YEAR
                                                  NORMAL
..................................................................
TEMPERATURE (F)
 YESTERDAY
  MAXIMUM         51    223 PM  78    2011  62    -11       60
  MINIMUM         36    500 AM  27    1930  42     -6       42
  AVERAGE         44                        52     -8       51

PRECIPITATION (IN)
  YESTERDAY        0.00          2.73 1983   0.14  -0.14     0.00
  MONTH TO DATE    2.45                      3.59  -1.14     4.00
  SINCE MAR 1      6.85                      8.60  -1.75    10.98
  SINCE JAN 1     13.20                     15.75  -2.55    19.38

SNOWFALL (IN)
  YESTERDAY        0.0           T    1967   0.0    0.0      0.0
  MONTH TO DATE    T                         0.6   -0.6      0.3
  SINCE MAR 1     16.3                       6.1   10.2      1.5
  SINCE JUL 1     76.2                      33.8   42.4     43.6
  SNOW DEPTH       0

DEGREE DAYS
 HEATING
  YESTERDAY       21                        13      8       14
  MONTH TO DATE  393                       406    -13      383
  SINCE MAR 1   1385                      1215    170     1337
  SINCE JUL 1   5747                      5277    470     5609

 COOLING
  YESTERDAY        0                         0      0        0
  MONTH TO DATE    0                         0      0        0
  SINCE MAR 1      0                         0      0        0
  SINCE JAN 1      0                         0      0        0
..................................................................


WIND (MPH)
  RESULTANT WIND SPEED  14   RESULTANT WIND DIRECTION   W (290)
  HIGHEST WIND SPEED    22   HIGHEST WIND DIRECTION     W (290)
  HIGHEST GUST SPEED    28   HIGHEST GUST DIRECTION     W (280)
  AVERAGE WIND SPEED    14.0


SKY COVER
  POSSIBLE SUNSHINE  MM
  AVERAGE SKY COVER 0.6


WEATHER CONDITIONS
 THE FOLLOWING WEATHER WAS RECORDED YESTERDAY.
  NO SIGNIFICANT WEATHER WAS OBSERVED.


RELATIVE HUMIDITY (PERCENT)
 HIGHEST    59           100 AM
 LOWEST     32           200 PM
 AVERAGE    46

..........................................................


THE PROVIDENCE RI CLIMATE NORMALS FOR TODAY
                         NORMAL    RECORD    YEAR
 MAXIMUM TEMPERATURE (F)   62        83      1982
 MINIMUM TEMPERATURE (F)   43        29      1919


SUNRISE AND SUNSET
APRIL 25 2015.........SUNRISE   551 AM EDT   SUNSET   737 PM EDT
APRIL 26 2015.........SUNRISE   550 AM EDT   SUNSET   738 PM EDT


-  INDICATES NEGATIVE NUMBERS.
R  INDICATES RECORD WAS SET OR TIED.
MM INDICATES DATA IS MISSING.
T  INDICATES TRACE AMOUNT.




$$
