000
CDUS43 KLOT 270633
CLIPWK


CLIMATE REPORT
NATIONAL WEATHER SERVICE CHICAGO IL
133 AM CDT MON APR 27 2015


...................................

...THE CHICAGO EXECUTIVE CLIMATE SUMMARY FOR APRIL 26 2015...

CLIMATE NORMAL PERIOD 1981 TO 2010
CLIMATE RECORD PERIOD 1996 TO 2015


WEATHER ITEM   OBSERVED TIME   RECORD YEAR NORMAL DEPARTURE LAST
                VALUE   (LST)  VALUE       VALUE  FROM      YEAR
                                                  NORMAL
..................................................................
TEMPERATURE (F)
 YESTERDAY
  MAXIMUM         56   1254 PM  78    2009  62     -6       59
  MINIMUM         35    406 AM  29    2006  41     -6       39
  AVERAGE         46                        52     -6       49

PRECIPITATION (IN)
  YESTERDAY        0.00          0.40 2007   0.13  -0.13     0.00
  MONTH TO DATE    3.16                      2.33   0.83     1.64
  SINCE MAR 1      3.47                      4.58  -1.11     2.19
  SINCE JAN 1      4.16                      7.16  -3.00     4.32

DEGREE DAYS
 HEATING
  YESTERDAY       19                        14      5       16
  MONTH TO DATE  416                       470    -54      447
  SINCE MAR 1   1340                      1323     17     1494
  SINCE JUL 1   6468                      6061    407     6853

 COOLING
  YESTERDAY        0                         0      0        0
  MONTH TO DATE    0                         0      0        0
  SINCE MAR 1      0                         0      0        0
  SINCE JAN 1      0                         0      0        0
..................................................................


WIND (MPH)
  RESULTANT WIND SPEED   8   RESULTANT WIND DIRECTION   N (20)
  HIGHEST WIND SPEED    18   HIGHEST WIND DIRECTION    NE (50)
  HIGHEST GUST SPEED    25   HIGHEST GUST DIRECTION     N (20)
  AVERAGE WIND SPEED     8.5



WEATHER CONDITIONS
 THE FOLLOWING WEATHER WAS RECORDED YESTERDAY.
  NO SIGNIFICANT WEATHER WAS OBSERVED.


..........................................................


THE CHICAGO EXECUTIVE CLIMATE NORMALS FOR TODAY
                         NORMAL    RECORD    YEAR
 MAXIMUM TEMPERATURE (F)   62        75      2003
 MINIMUM TEMPERATURE (F)   41        35      2012
                                             2004


SUNRISE AND SUNSET
APRIL 27 2015.........SUNRISE   553 AM CDT   SUNSET   746 PM CDT
APRIL 28 2015.........SUNRISE   552 AM CDT   SUNSET   747 PM CDT


-  INDICATES NEGATIVE NUMBERS.
R  INDICATES RECORD WAS SET OR TIED.
MM INDICATES DATA IS MISSING.
T  INDICATES TRACE AMOUNT.




$$
