000
CDUS46 KSGX 271416
CLIRAL


CLIMATE REPORT
NATIONAL WEATHER SERVICE SAN DIEGO, CA
716 AM PDT MON APR 27 2015


...................................

...THE RIVERSIDE MUNI AIRPORT CA CLIMATE SUMMARY FOR APRIL 26 2015...

CLIMATE NORMAL PERIOD 1981 TO 2010
CLIMATE RECORD PERIOD 1893 TO 2015


WEATHER ITEM   OBSERVED TIME   RECORD YEAR NORMAL DEPARTURE LAST
                VALUE   (LST)  VALUE       VALUE  FROM      YEAR
                                                  NORMAL
..................................................................
TEMPERATURE (F)
 YESTERDAY
  MAXIMUM         76    317 PM 102    2004  77     -1       67
  MINIMUM         50    600 AM  36    1894  52     -2       50
  AVERAGE         63                        65     -2       59

PRECIPITATION (IN)
  YESTERDAY        0.00          0.55 1919   0.03  -0.03      T
  MONTH TO DATE    0.37                      0.70  -0.33     0.36
  SINCE OCT 1      5.15                     11.50  -6.35     2.71
  SINCE JAN 1      1.92                      8.69  -6.77     1.72

SNOWFALL (IN)
  YESTERDAY        0.0
  MONTH TO DATE    0.0
  SINCE MAR 1      0.0
  SINCE JUL 1      0.0
  SNOW DEPTH       0

DEGREE DAYS
 HEATING
  YESTERDAY        2                         2      0        6
  MONTH TO DATE   52                        99    -47       53
  SINCE MAR 1    107                       304   -197      128
  SINCE JUL 1    714                      1412   -698      790

 COOLING
  YESTERDAY        0                         2     -2        0
  MONTH TO DATE   34                        34      0       72
  SINCE MAR 1    163                        46    117      102
  SINCE JAN 1    187                        55    132      131
..................................................................


WIND (MPH)
  RESULTANT WIND SPEED   3   RESULTANT WIND DIRECTION   W (260)
  HIGHEST WIND SPEED    22   HIGHEST WIND DIRECTION     W (250)
  HIGHEST GUST SPEED    27   HIGHEST GUST DIRECTION     W (270)
  AVERAGE WIND SPEED     4.7


SKY COVER
  POSSIBLE SUNSHINE  MM
  AVERAGE SKY COVER 0.1


WEATHER CONDITIONS
 THE FOLLOWING WEATHER WAS RECORDED YESTERDAY.
  FOG


RELATIVE HUMIDITY (PERCENT)
 HIGHEST    96           200 AM
 LOWEST     33           100 PM
 AVERAGE    65

..........................................................


THE RIVERSIDE MUNI AIRPORT CA CLIMATE NORMALS FOR TODAY
                         NORMAL    RECORD    YEAR
 MAXIMUM TEMPERATURE (F)   78       101      2004
 MINIMUM TEMPERATURE (F)   52        38      1945
                                             1912
                                             1904


SUNRISE AND SUNSET
APRIL 27 2015.........SUNRISE   605 AM PDT   SUNSET   730 PM PDT
APRIL 28 2015.........SUNRISE   604 AM PDT   SUNSET   731 PM PDT


-  INDICATES NEGATIVE NUMBERS.
R  INDICATES RECORD WAS SET OR TIED.
MM INDICATES DATA IS MISSING.
T  INDICATES TRACE AMOUNT.




$$
