000
CDUS46 KMFR 260037
CLIRBG


CLIMATE REPORT
NATIONAL WEATHER SERVICE MEDFORD, OR
537 PM PDT SAT APR 25 2015


...................................

...THE ROSEBURG OR CLIMATE SUMMARY FOR APRIL 25 2015...
VALID TODAY AS OF 0500 PM LOCAL TIME.

CLIMATE NORMAL PERIOD 1981 TO 2010
CLIMATE RECORD PERIOD 1931 TO 2015


WEATHER ITEM   OBSERVED TIME   RECORD YEAR NORMAL DEPARTURE LAST
                VALUE   (LST)  VALUE       VALUE  FROM      YEAR
                                                  NORMAL
..................................................................
TEMPERATURE (F)
 TODAY
  MAXIMUM         59    239 PM  84    2001  65     -6       58
  MINIMUM         46    557 AM  29    1954  43      3       43
  AVERAGE         53                        54     -1       51

PRECIPITATION (IN)
  TODAY            0.03          1.40 1981   0.08  -0.05
  MONTH TO DATE    0.94                      2.41  -1.47
  SINCE OCT 1     24.48                     30.60  -6.12
  SINCE JAN 1     10.20                     14.95  -4.75

SNOWFALL (IN)
  TODAY           MM                        MM     MM       MM
  MONTH TO DATE   MM                        MM     MM       MM
  SINCE JUL 1      0.0                      MM     MM        0.0
  SNOW DEPTH      MM

DEGREE DAYS
 HEATING
  TODAY           12                        11      1       14
  MONTH TO DATE  311                       333    -22      247
  SINCE MAR 1    631                       843   -212      644
  SINCE JUL 1   2688                      3712  -1024     3571

 COOLING
  TODAY            0                         0      0        0
  MONTH TO DATE    0                         0      0        0
  SINCE MAR 1      0                         0      0        0
  SINCE JAN 1      0                         0      0        0
..................................................................







THE ROSEBURG OR CLIMATE NORMALS FOR TOMORROW
                         NORMAL    RECORD    YEAR
 MAXIMUM TEMPERATURE (F)   65        92      2004
 MINIMUM TEMPERATURE (F)   44        29      1955


SUNRISE AND SUNSET
APRIL 25 2015.........SUNRISE   616 AM PDT   SUNSET   808 PM PDT
APRIL 26 2015.........SUNRISE   614 AM PDT   SUNSET   809 PM PDT


-  INDICATES NEGATIVE NUMBERS.
R  INDICATES RECORD WAS SET OR TIED.
MM INDICATES DATA IS MISSING.
T  INDICATES TRACE AMOUNT.




$$
