000
CDUS41 KPHI 060630
CLIRDG


CLIMATE REPORT
NATIONAL WEATHER SERVICE MOUNT HOLLY NJ
230 AM EDT WED MAY 6 2015


...................................

...THE READING PA CLIMATE SUMMARY FOR MAY 5 2015...

CLIMATE NORMAL PERIOD 1981 TO 2010
CLIMATE RECORD PERIOD 1869 TO 2015


WEATHER ITEM   OBSERVED TIME   RECORD YEAR NORMAL DEPARTURE LAST
                VALUE   (LST)  VALUE       VALUE  FROM      YEAR
                                                  NORMAL
..................................................................
TEMPERATURE (F)
 YESTERDAY
  MAXIMUM         81   1201 PM  92    1949  69     12       67
  MINIMUM         55    528 AM  29    1974  46      9       45
  AVERAGE         68                        58     10       56

PRECIPITATION (IN)
  YESTERDAY        T             1.57 1948   0.12  -0.12     0.00
  MONTH TO DATE    T                         0.59  -0.59     0.18
  SINCE MAR 1      6.51                      7.84  -1.33     8.82
  SINCE JAN 1     10.25                     13.37  -3.12    15.50

SNOWFALL (IN)
  YESTERDAY       MM            MM      MM  MM     MM       MM
  MONTH TO DATE   MM                        MM     MM       MM
  SINCE MAR 1     MM                        MM     MM       MM
  SINCE JUL 1     MM                        MM     MM       MM
  SNOW DEPTH      MM

DEGREE DAYS
 HEATING
  YESTERDAY        0                         8     -8        9
  MONTH TO DATE   17                        42    -25       37
  SINCE MAR 1   1306                      1198    108     1367
  SINCE JUL 1   5611                      5240    371     5677

 COOLING
  YESTERDAY        3                         1      2        0
  MONTH TO DATE    6                         5      1        0
  SINCE MAR 1      6                        14     -8        9
  SINCE JAN 1      6                        14     -8        9
..................................................................


WIND (MPH)
  HIGHEST WIND SPEED    14   HIGHEST WIND DIRECTION     W (290)
  HIGHEST GUST SPEED    16   HIGHEST GUST DIRECTION     W (290)
  AVERAGE WIND SPEED     4.0


SKY COVER
  POSSIBLE SUNSHINE  MM
  AVERAGE SKY COVER 0.5


WEATHER CONDITIONS
 THE FOLLOWING WEATHER WAS RECORDED YESTERDAY.
  LIGHT RAIN


RELATIVE HUMIDITY (PERCENT)
 HIGHEST    77           400 AM
 LOWEST     42          1200 PM
 AVERAGE    60

..........................................................


THE READING PA CLIMATE NORMALS FOR TODAY
                         NORMAL    RECORD    YEAR
 MAXIMUM TEMPERATURE (F)   70        91      1949
 MINIMUM TEMPERATURE (F)   47        35      1992


SUNRISE AND SUNSET
MAY  6 2015...........SUNRISE   557 AM EDT   SUNSET   804 PM EDT
MAY  7 2015...........SUNRISE   556 AM EDT   SUNSET   805 PM EDT


-  INDICATES NEGATIVE NUMBERS.
R  INDICATES RECORD WAS SET OR TIED.
MM INDICATES DATA IS MISSING.
T  INDICATES TRACE AMOUNT.




$$
