000
CDUS46 KPDT 180827
CLIRDM

CLIMATE REPORT
NATIONAL WEATHER SERVICE PENDLETON OR
125 AM PDT SAT APR 18 2015


...................................

...THE REDMOND OR CLIMATE SUMMARY FOR APRIL 17 2015...

CLIMATE NORMAL PERIOD 1981 TO 2010
CLIMATE RECORD PERIOD 1949 TO 2015


WEATHER ITEM   OBSERVED TIME   RECORD YEAR NORMAL DEPARTURE LAST
                VALUE   (LST)  VALUE       VALUE  FROM      YEAR
                                                  NORMAL
..................................................................
TEMPERATURE (F)
 YESTERDAY
  MAXIMUM         74    252 PM  82    1999  60     14       51
  MINIMUM         22    520 AM  11    1964  29     -7       40
  AVERAGE         48                        44      4       46

PRECIPITATION (IN)
  YESTERDAY        0.00          0.43 1967   0.02  -0.02     0.05
  MONTH TO DATE    0.06                      0.38  -0.32     0.34
  SINCE OCT 1      5.72                      5.42   0.30     3.56
  SINCE JAN 1      1.44                      2.66  -1.22     2.85

DEGREE DAYS
 HEATING
  YESTERDAY       17                        21     -4       19
  MONTH TO DATE  420                       371     49      332
  SINCE MAR 1   1041                      1149   -108     1053
  SINCE JUL 1   5074                      5822   -748     5846

 COOLING
  YESTERDAY        0                         0      0        0
  MONTH TO DATE    0                         0      0        0
  SINCE MAR 1      0                         0      0        0
  SINCE JAN 1      0                         0      0        0
..................................................................


WIND (MPH)
  RESULTANT WIND SPEED   3   RESULTANT WIND DIRECTION   N (360)
  HIGHEST WIND SPEED    18   HIGHEST WIND DIRECTION     N (350)
  HIGHEST GUST SPEED    23   HIGHEST GUST DIRECTION     N (350)
  AVERAGE WIND SPEED     5.8


SKY COVER
  POSSIBLE SUNSHINE  MM
  AVERAGE SKY COVER 0.0


WEATHER CONDITIONS
 THE FOLLOWING WEATHER WAS RECORDED YESTERDAY.
  NO SIGNIFICANT WEATHER WAS OBSERVED.


RELATIVE HUMIDITY (PERCENT)
 HIGHEST    81           300 AM
 LOWEST     19           300 PM
 AVERAGE    50

..........................................................


THE REDMOND OR CLIMATE NORMALS FOR TODAY
                         NORMAL    RECORD    YEAR
 MAXIMUM TEMPERATURE (F)   60        83      1962
 MINIMUM TEMPERATURE (F)   29        10      1972


SUNRISE AND SUNSET
APRIL 18 2015.........SUNRISE   616 AM PDT   SUNSET   752 PM PDT
APRIL 19 2015.........SUNRISE   615 AM PDT   SUNSET   754 PM PDT


-  INDICATES NEGATIVE NUMBERS.
R  INDICATES RECORD WAS SET OR TIED.
MM INDICATES DATA IS MISSING.
T  INDICATES TRACE AMOUNT.


$$
