000
CDUS42 KRAH 050530
CLIRDU

CLIMATE REPORT
NATIONAL WEATHER SERVICE RALEIGH NC
128 AM EDT TUE MAY 5 2015


...................................

...THE RALEIGH-DURHAM INTL AIRPORT NC CLIMATE SUMMARY FOR MAY 4 2015...

CLIMATE NORMAL PERIOD 1981 TO 2010
CLIMATE RECORD PERIOD 1887 TO 2015


WEATHER ITEM   OBSERVED TIME   RECORD YEAR NORMAL DEPARTURE LAST
                VALUE   (LST)  VALUE       VALUE  FROM      YEAR
                                                  NORMAL
..................................................................
TEMPERATURE (F)
 YESTERDAY
  MAXIMUM         82    318 PM  94    1938  77      5       83
                                      1913
  MINIMUM         53    503 AM  34    1971  53      0       49
  AVERAGE         68                        65      3       66

PRECIPITATION (IN)
  YESTERDAY        0.00          1.12 1917   0.09  -0.09     0.00
  MONTH TO DATE    0.58                      0.35   0.23     0.00
  SINCE MAR 1      9.12                      7.38   1.74    10.29
  SINCE JAN 1     15.38                     14.11   1.27    15.25

DEGREE DAYS
 HEATING
  YESTERDAY        0                         3     -3        0
  MONTH TO DATE   16                        13      3        5
  SINCE MAR 1    583                       630    -47      755
  SINCE JUL 1   3480                      3202    278     3456

 COOLING
  YESTERDAY        3                         3      0        1
  MONTH TO DATE    3                        12     -9        7
  SINCE MAR 1     59                        72    -13       38
  SINCE JAN 1     59                        73    -14       38
..................................................................


WIND (MPH)
  HIGHEST WIND SPEED    15   HIGHEST WIND DIRECTION     S (200)
  HIGHEST GUST SPEED    21   HIGHEST GUST DIRECTION     S (200)
  AVERAGE WIND SPEED     7.5


SKY COVER
  POSSIBLE SUNSHINE  MM
  AVERAGE SKY COVER 0.3


WEATHER CONDITIONS
 THE FOLLOWING WEATHER WAS RECORDED YESTERDAY.
  NO SIGNIFICANT WEATHER WAS OBSERVED.


RELATIVE HUMIDITY (PERCENT)
 HIGHEST    93           500 AM
 LOWEST     39           400 PM
 AVERAGE    66

..........................................................


THE RALEIGH-DURHAM INTL AIRPORT NC CLIMATE NORMALS FOR TODAY
                         NORMAL    RECORD    YEAR
 MAXIMUM TEMPERATURE (F)   77        92      1955
 MINIMUM TEMPERATURE (F)   53        35      1973


SUNRISE AND SUNSET
MAY  5 2015...........SUNRISE   619 AM EDT   SUNSET   805 PM EDT
MAY  6 2015...........SUNRISE   618 AM EDT   SUNSET   806 PM EDT


-  INDICATES NEGATIVE NUMBERS.
R  INDICATES RECORD WAS SET OR TIED.
MM INDICATES DATA IS MISSING.
T  INDICATES TRACE AMOUNT.

&&

CLIMATE REPORT
NWS FORECAST OFFICE
NCSU CENTENNIAL CAMPUS RALEIGH, NC

MAXIMUM TEMPERATURE... 81

MINIMUM TEMPERATURE... 55

PRECIPITATION... 0.00

$$
