000
CDUS46 KBOI 260931
CLIREO


CLIMATE REPORT
NATIONAL WEATHER SERVICE BOISE ID
330 AM MDT SUN APR 26 2015


...................................

...THE ROME OR CLIMATE SUMMARY FOR APRIL 25 2015...

CLIMATE NORMAL PERIOD 1981 TO 2010
CLIMATE RECORD PERIOD 9999 TO 9999


WEATHER ITEM   OBSERVED TIME   NORMAL DEPARTURE LAST
                VALUE   (LST)  VALUE  FROM      YEAR
                                      NORMAL
......................................................
TEMPERATURE (F)
 YESTERDAY
  MAXIMUM         53    439 PM  64    -11       50
  MINIMUM         32   1130 PM  33     -1       35
  AVERAGE         43            48     -5       43

PRECIPITATION (IN)
  YESTERDAY        0.03          0.04  -0.01     0.14
  MONTH TO DATE    0.89          0.81   0.08     0.45
  SINCE OCT 1      3.61          5.39  -1.78     1.77
  SINCE JAN 1      1.61          3.20  -1.59     1.58

DEGREE DAYS
 HEATING
  YESTERDAY       22            17      5       22
  MONTH TO DATE  468           499    -31      403
  SINCE MAR 1   1052          1280   -228     1076
  SINCE JUL 1   4859          6014  -1155     5498

 COOLING
  YESTERDAY        0             0      0        0
  MONTH TO DATE    0             0      0        0
  SINCE MAR 1      0             0      0        0
  SINCE JAN 1      0             0      0        0
......................................................


WIND (MPH)
  RESULTANT WIND SPEED   4   RESULTANT WIND DIRECTION   N (350)
  HIGHEST WIND SPEED    31   HIGHEST WIND DIRECTION    NW (300)
  HIGHEST GUST SPEED    36   HIGHEST GUST DIRECTION    NW (300)
  AVERAGE WIND SPEED     8.2


SKY COVER
  AVERAGE SKY COVER 0.0


WEATHER CONDITIONS
 THE FOLLOWING WEATHER WAS RECORDED YESTERDAY.
  NO SIGNIFICANT WEATHER WAS OBSERVED.


RELATIVE HUMIDITY (PERCENT)
 HIGHEST    85           300 AM
 LOWEST     35           300 PM
 AVERAGE    60

..........................................................


THE ROME OR CLIMATE NORMALS FOR TODAY
                         NORMAL    RECORD    YEAR
 MAXIMUM TEMPERATURE (F)   64        MM        MM
 MINIMUM TEMPERATURE (F)   33        MM        MM


SUNRISE AND SUNSET
APRIL 26 2015.........SUNRISE   554 AM PDT   SUNSET   746 PM PDT
APRIL 27 2015.........SUNRISE   552 AM PDT   SUNSET   747 PM PDT


-  INDICATES NEGATIVE NUMBERS.
R  INDICATES RECORD WAS SET OR TIED.
MM INDICATES DATA IS MISSING.
T  INDICATES TRACE AMOUNT.




$$
