000
CDUS45 KRIW 060735
CLIRKS


CLIMATE REPORT
NATIONAL WEATHER SERVICE RIVERTON WY
135 AM MDT WED MAY 6 2015


...................................

...THE ROCK SPRINGS WY CLIMATE SUMMARY FOR MAY 5 2015...

CLIMATE NORMAL PERIOD 1981 TO 2010
CLIMATE RECORD PERIOD 1948 TO 2015


WEATHER ITEM   OBSERVED TIME   RECORD YEAR NORMAL DEPARTURE LAST
                VALUE   (LST)  VALUE       VALUE  FROM      YEAR
                                                  NORMAL
..................................................................
TEMPERATURE (F)
 YESTERDAY
  MAXIMUM         68    152 PM  79    2004  60      8       73
  MINIMUM         39    548 AM  18    2010  35      4       40
                                      1950
  AVERAGE         54                        47      7       57

PRECIPITATION (IN)
  YESTERDAY        T             0.81 1978   0.04  -0.04     0.00
  MONTH TO DATE    0.02                      0.20  -0.18     0.00
  SINCE MAR 1      0.91                      1.79  -0.88     0.67
  SINCE JAN 1      1.00                      2.72  -1.72     0.82

DEGREE DAYS
 HEATING
  YESTERDAY       11                        18     -7        8
  MONTH TO DATE   54                        92    -38       46
  SINCE MAR 1   1499                      1772   -273     1589
  SINCE JUL 1   6612                      7624  -1012     7041

 COOLING
  YESTERDAY        0                         0      0        0
  MONTH TO DATE    0                         0      0        0
  SINCE MAR 1      0                         0      0        0
  SINCE JAN 1      0                         0      0        0
..................................................................


WIND (MPH)
  HIGHEST WIND SPEED    22   HIGHEST WIND DIRECTION     W (270)
  HIGHEST GUST SPEED    28   HIGHEST GUST DIRECTION     W (270)
  AVERAGE WIND SPEED     7.1


SKY COVER
  POSSIBLE SUNSHINE  MM
  AVERAGE SKY COVER 0.4


WEATHER CONDITIONS
 THE FOLLOWING WEATHER WAS RECORDED YESTERDAY.
  THUNDERSTORM
  LIGHT RAIN


RELATIVE HUMIDITY (PERCENT)
 HIGHEST    83          1200 AM
 LOWEST     29           200 PM
 AVERAGE    56

..........................................................


THE ROCK SPRINGS WY CLIMATE NORMALS FOR TODAY
                         NORMAL    RECORD    YEAR
 MAXIMUM TEMPERATURE (F)   60        81      1966
 MINIMUM TEMPERATURE (F)   35        19      1965


SUNRISE AND SUNSET
MAY  6 2015...........SUNRISE   607 AM MDT   SUNSET   819 PM MDT
MAY  7 2015...........SUNRISE   606 AM MDT   SUNSET   820 PM MDT


-  INDICATES NEGATIVE NUMBERS.
R  INDICATES RECORD WAS SET OR TIED.
MM INDICATES DATA IS MISSING.
T  INDICATES TRACE AMOUNT.




$$
