000
CDUS42 KFFC 260831
CLIRMG


CLIMATE REPORT
NATIONAL WEATHER SERVICE PEACHTREE CITY GA
431 AM EDT SUN APR 26 2015


...................................

...THE ROME  CLIMATE SUMMARY FOR APRIL 25 2015...

CLIMATE NORMAL PERIOD 1981 TO 2010
CLIMATE RECORD PERIOD 9999 TO 9999


WEATHER ITEM   OBSERVED TIME   RECORD YEAR NORMAL DEPARTURE LAST
                VALUE   (LST)  VALUE       VALUE  FROM      YEAR
                                                  NORMAL
..................................................................
TEMPERATURE (F)
 YESTERDAY
  MAXIMUM         76    239 PM  MM      MM  75      1       79
  MINIMUM         54    657 AM  MM      MM  49      5       56
  AVERAGE         65                        62      3       68

PRECIPITATION (IN)
  YESTERDAY        0.73         MM      MM   0.16   0.57      T
  MONTH TO DATE    4.87                      3.25   1.62     4.72
  SINCE MAR 1      8.39                      8.20   0.19     9.40
  SINCE JAN 1     16.47                     17.89  -1.42    17.08

SNOWFALL (IN)
  YESTERDAY       MM            MM      MM  MM     MM       MM
  MONTH TO DATE    0.0                      MM     MM        0.0
  SINCE MAR 1      0.0                      MM     MM        0.0
  SINCE JUL 1      T                        MM     MM         T
  SNOW DEPTH      MM

DEGREE DAYS
 HEATING
  YESTERDAY        0                         4     -4        0
  MONTH TO DATE   75                       169    -94      143
  SINCE MAR 1    382                       574   -192      591
  SINCE JUL 1   3201                      3196      5     3418

 COOLING
  YESTERDAY        0                         1     -1        3
  MONTH TO DATE   52                        21     31        8
  SINCE MAR 1     52                        25     27        8
  SINCE JAN 1     52                        25     27        8
..................................................................


WIND (MPH)
  RESULTANT WIND SPEED   2   RESULTANT WIND DIRECTION  SW (210)
  HIGHEST WIND SPEED    13   HIGHEST WIND DIRECTION    SW (230)
  HIGHEST GUST SPEED    19   HIGHEST GUST DIRECTION     W (250)
  AVERAGE WIND SPEED     4.6


SKY COVER
  AVERAGE SKY COVER 0.7


WEATHER CONDITIONS
 THE FOLLOWING WEATHER WAS RECORDED YESTERDAY.
  THUNDERSTORM
  RAIN
  LIGHT RAIN
  FOG


RELATIVE HUMIDITY (PERCENT)
 HIGHEST   100           500 AM
 LOWEST     68           100 PM
 AVERAGE    84

..........................................................


THE ROME  CLIMATE NORMALS FOR TODAY
                         NORMAL    RECORD    YEAR
 MAXIMUM TEMPERATURE (F)   75        MM        MM
 MINIMUM TEMPERATURE (F)   49        MM        MM


SUNRISE AND SUNSET
APRIL 26 2015.........SUNRISE   657 AM EDT   SUNSET   821 PM EDT
APRIL 27 2015.........SUNRISE   655 AM EDT   SUNSET   822 PM EDT


-  INDICATES NEGATIVE NUMBERS.
R  INDICATES RECORD WAS SET OR TIED.
MM INDICATES DATA IS MISSING.
T  INDICATES TRACE AMOUNT.




$$
