000
CDUS41 KRNK 280651
CLIRNK


CLIMATE REPORT
NATIONAL WEATHER SERVICE BLACKSBURG VA
240 AM EDT TUE APR 28 2015


...................................

...THE BLACKSBURG VA CLIMATE SUMMARY FOR APRIL 27 2015...

CLIMATE NORMAL PERIOD 1981 TO 2010
CLIMATE RECORD PERIOD 1952 TO 2015


WEATHER ITEM   OBSERVED TIME   RECORD YEAR NORMAL DEPARTURE LAST
                VALUE   (LST)  VALUE       VALUE  FROM      YEAR
                                                  NORMAL
..................................................................
TEMPERATURE (F)
 YESTERDAY
  MAXIMUM         55    315 PM  85    1994  67    -12       82
  MINIMUM         33    530 AM  25    1974  41     -8       42
  AVERAGE         44                        54    -10       62

PRECIPITATION (IN)
  YESTERDAY        0.00          2.70 1978   0.12  -0.12     0.00
  MONTH TO DATE    5.15                      3.14   2.01     2.15
  SINCE MAR 1      9.71                      6.78   2.93     4.57
  SINCE JAN 1     13.13                     12.67   0.46    10.20

SNOWFALL (IN)
  YESTERDAY        0.0
  MONTH TO DATE    T
  SINCE MAR 1      4.4
  SINCE JUL 1     27.8
  SNOW DEPTH       0

DEGREE DAYS
 HEATING
  YESTERDAY       21                        11     10        3
  MONTH TO DATE  306                       399    -93      331
  SINCE MAR 1    969                      1126   -157     1118
  SINCE JUL 1   5095                      5174    -79     5299

 COOLING
  YESTERDAY        0                         0      0        0
  MONTH TO DATE    0                         0      0        0
  SINCE MAR 1      0                         0      0        0
  SINCE JAN 1      0                         0      0        0
..................................................................


WIND (MPH)
  HIGHEST WIND SPEED    20   HIGHEST WIND DIRECTION    NW (320)
  HIGHEST GUST SPEED    28   HIGHEST GUST DIRECTION    NW (320)
  AVERAGE WIND SPEED     7.4


SKY COVER
  POSSIBLE SUNSHINE  MM
  AVERAGE SKY COVER 0.4


WEATHER CONDITIONS
 THE FOLLOWING WEATHER WAS RECORDED YESTERDAY.
  FOG


RELATIVE HUMIDITY (PERCENT)
 HIGHEST   100           300 AM
 LOWEST     42           600 PM
 AVERAGE    71

..........................................................


THE BLACKSBURG VA CLIMATE NORMALS FOR TODAY
                         NORMAL    RECORD    YEAR
 MAXIMUM TEMPERATURE (F)   67        84      1990
 MINIMUM TEMPERATURE (F)   42        25      1976


SUNRISE AND SUNSET
APRIL 28 2015.........SUNRISE   631 AM EDT   SUNSET   808 PM EDT
APRIL 29 2015.........SUNRISE   630 AM EDT   SUNSET   809 PM EDT


-  INDICATES NEGATIVE NUMBERS.
R  INDICATES RECORD WAS SET OR TIED.
MM INDICATES DATA IS MISSING.
T  INDICATES TRACE AMOUNT.




$$
