000
CDUS46 KLOX 030900
CLISBA


CLIMATE REPORT
NATIONAL WEATHER SERVICE LOS ANGELES/OXNARD CA
200 AM PDT SUN MAY 3 2015


...................................

...THE SANTA BARBARA AIRPORT CA CLIMATE SUMMARY FOR MAY 2 2015...

CLIMATE NORMAL PERIOD 1981 TO 2010
CLIMATE RECORD PERIOD 1940 TO 2015


WEATHER ITEM   OBSERVED TIME   RECORD YEAR NORMAL DEPARTURE LAST
                VALUE   (LST)  VALUE       VALUE  FROM      YEAR
                                                  NORMAL
..................................................................
TEMPERATURE (F)
 YESTERDAY
  MAXIMUM         65    306 PM  89    2004  68     -3       85
  MINIMUM         47    311 AM  38    1991  50     -3       56
  AVERAGE         56                        59     -3       71

PRECIPITATION (IN)
  YESTERDAY        0.00          1.14 1998   0.03  -0.03     0.00
  MONTH TO DATE    0.00                      0.05  -0.05     0.00
  SINCE OCT 1      9.00                     16.99  -7.99     6.49
  SINCE JAN 1      2.71                     11.69  -8.98     5.20

SNOWFALL (IN)
  YESTERDAY        0.0
  MONTH TO DATE    0.0
  SINCE MAR 1      0.0
  SINCE JUL 1      0.0

DEGREE DAYS
 HEATING
  YESTERDAY        9                         6      3        0
  MONTH TO DATE   14                        12      2        0
  SINCE MAR 1    278                       536   -258      325
  SINCE JUL 1   1103                      2137  -1034     1560

 COOLING
  YESTERDAY        0                         0      0        6
  MONTH TO DATE    0                         0      0       12
  SINCE MAR 1     38                         7     31       28
  SINCE JAN 1     38                         7     31       28
..................................................................


WIND (MPH)
  HIGHEST WIND SPEED    20   HIGHEST WIND DIRECTION     W (260)
  HIGHEST GUST SPEED    24   HIGHEST GUST DIRECTION     W (270)
  AVERAGE WIND SPEED     7.1


SKY COVER
  POSSIBLE SUNSHINE  MM
  AVERAGE SKY COVER 0.1


WEATHER CONDITIONS
 THE FOLLOWING WEATHER WAS RECORDED YESTERDAY.
  FOG
  FOG W/VISIBILITY <= 1/4 MILE


RELATIVE HUMIDITY (PERCENT)
 HIGHEST   100           500 AM
 LOWEST     60          1100 AM
 AVERAGE    80

..........................................................


THE SANTA BARBARA AIRPORT CA CLIMATE NORMALS FOR TODAY
                         NORMAL    RECORD    YEAR
 MAXIMUM TEMPERATURE (F)   69        89      2013
                                             2009
 MINIMUM TEMPERATURE (F)   50        41      1942


SUNRISE AND SUNSET
MAY  3 2015...........SUNRISE   608 AM PDT   SUNSET   745 PM PDT
MAY  4 2015...........SUNRISE   607 AM PDT   SUNSET   746 PM PDT


-  INDICATES NEGATIVE NUMBERS.
R  INDICATES RECORD WAS SET OR TIED.
MM INDICATES DATA IS MISSING.
T  INDICATES TRACE AMOUNT.




$$
