000
CDUS41 KAKQ 260533
CLISBY


CLIMATE REPORT
NATIONAL WEATHER SERVICE WAKEFIELD, VA
133 AM EDT SUN APR 26 2015


...................................

...THE SALISBURY MD CLIMATE SUMMARY FOR APRIL 25 2015...

CLIMATE NORMAL PERIOD 1981 TO 2010
CLIMATE RECORD PERIOD 1900 TO 2015


WEATHER ITEM   OBSERVED TIME   RECORD YEAR NORMAL DEPARTURE LAST
                VALUE   (LST)  VALUE       VALUE  FROM      YEAR
                                                  NORMAL
..................................................................
TEMPERATURE (F)
 YESTERDAY
  MAXIMUM         50    431 PM  91    1960  68    -18       68
  MINIMUM         35    546 AM  27    1956  46    -11       36
  AVERAGE         43                        57    -14       52

PRECIPITATION (IN)
  YESTERDAY        0.33          1.15 1987   0.10   0.23     0.00
  MONTH TO DATE    3.61                      3.04   0.57     2.72
  SINCE MAR 1      7.68                      7.46   0.22     7.32
  SINCE JAN 1     15.40                     14.42   0.98    14.54

SNOWFALL (IN)
  YESTERDAY        0.0           0.0  2002   0.0    0.0
                                      2001
  MONTH TO DATE    0.0                       0.2   -0.2
  SINCE NOV 1     15.7                       9.3    6.4
  SINCE JUL 1     15.7                       9.3    6.4
  SNOW DEPTH       0

DEGREE DAYS
 HEATING
  YESTERDAY       22                         9     13       13
  MONTH TO DATE  265                       305    -40      255
  SINCE MAR 1    934                       935     -1      944
  SINCE JUL 1   4147                      4240    -93     4084

 COOLING
  YESTERDAY        0                         1     -1        0
  MONTH TO DATE    7                        12     -5       14
  SINCE MAR 1      7                        14     -7       14
  SINCE JAN 1      7                        14     -7       14
..................................................................


WIND (MPH)
  HIGHEST WIND SPEED    12   HIGHEST WIND DIRECTION     N (350)
  HIGHEST GUST SPEED    16   HIGHEST GUST DIRECTION    SW (210)
  AVERAGE WIND SPEED     4.3


SKY COVER
  POSSIBLE SUNSHINE  MM
  AVERAGE SKY COVER 0.7


WEATHER CONDITIONS
 THE FOLLOWING WEATHER WAS RECORDED YESTERDAY.
  RAIN
  LIGHT RAIN
  FOG


RELATIVE HUMIDITY (PERCENT)
 HIGHEST   100           800 PM
 LOWEST     42          1200 PM
 AVERAGE    71

..........................................................


THE SALISBURY MD CLIMATE NORMALS FOR TODAY
                         NORMAL    RECORD    YEAR
 MAXIMUM TEMPERATURE (F)   68        96      1915
 MINIMUM TEMPERATURE (F)   46        30      1967


SUNRISE AND SUNSET
APRIL 26 2015.........SUNRISE   612 AM EDT   SUNSET   749 PM EDT
APRIL 27 2015.........SUNRISE   610 AM EDT   SUNSET   749 PM EDT


-  INDICATES NEGATIVE NUMBERS.
R  INDICATES RECORD WAS SET OR TIED.
MM INDICATES DATA IS MISSING.
T  INDICATES TRACE AMOUNT.




$$
