000
CDUS43 KLMK 280632
CLISDF


CLIMATE REPORT
NATIONAL WEATHER SERVICE LOUISVILLE KY
231 AM EDT TUE APR 28 2015


...................................

...THE LOUISVILLE KY CLIMATE SUMMARY FOR APRIL 27 2015...

CLIMATE NORMAL PERIOD 1981 TO 2010
CLIMATE RECORD PERIOD 1871 TO 2015


WEATHER ITEM   OBSERVED TIME   RECORD YEAR NORMAL DEPARTURE LAST
                VALUE   (LST)  VALUE       VALUE  FROM      YEAR
                                                  NORMAL
..................................................................
TEMPERATURE (F)
 YESTERDAY
  MAXIMUM         68    256 PM  88    1986  72     -4       83
                                      1899
  MINIMUM         42    610 AM  34    1996  51     -9       55
                                      1976
  AVERAGE         55                        62     -7       69

PRECIPITATION (IN)
  YESTERDAY        0.00          3.10 2011   0.15  -0.15     0.22
  MONTH TO DATE   10.83                      3.56   7.27     5.02
  SINCE MAR 1     18.63                      7.73  10.90     7.32
  SINCE JAN 1     21.73                     14.15   7.58    13.48

SNOWFALL (IN)
  YESTERDAY        0.0           0.0    MM   0.0    0.0      0.0
  MONTH TO DATE    0.0                       0.1   -0.1      0.1
  SINCE MAR 1     11.9                       1.5   10.4      4.2
  SINCE JUL 1     27.6                      12.5   15.1     26.0
  SNOW DEPTH       0

DEGREE DAYS
 HEATING
  YESTERDAY       10                         5      5        0
  MONTH TO DATE  152                       231    -79      172
  SINCE MAR 1    718                       769    -51      820
  SINCE JUL 1   4338                      4010    328     4474

 COOLING
  YESTERDAY        0                         2     -2        4
  MONTH TO DATE   41                        35      6       28
  SINCE MAR 1     42                        41      1       28
  SINCE JAN 1     42                        41      1       28
..................................................................


WIND (MPH)
  HIGHEST WIND SPEED    21   HIGHEST WIND DIRECTION     N (360)
  HIGHEST GUST SPEED    25   HIGHEST GUST DIRECTION     N (20)
  AVERAGE WIND SPEED     8.8


SKY COVER
  POSSIBLE SUNSHINE  MM
  AVERAGE SKY COVER 0.3


WEATHER CONDITIONS
 THE FOLLOWING WEATHER WAS RECORDED YESTERDAY.
  NO SIGNIFICANT WEATHER WAS OBSERVED.


RELATIVE HUMIDITY (PERCENT)
 HIGHEST    76           600 AM
 LOWEST     30           300 PM
 AVERAGE    53

..........................................................


THE LOUISVILLE KY CLIMATE NORMALS FOR TODAY
                         NORMAL    RECORD    YEAR
 MAXIMUM TEMPERATURE (F)   73        88      1951
                                             1897
 MINIMUM TEMPERATURE (F)   51        35      1976
                                             1934


SUNRISE AND SUNSET
APRIL 28 2015.........SUNRISE   650 AM EDT   SUNSET   831 PM EDT
APRIL 29 2015.........SUNRISE   649 AM EDT   SUNSET   832 PM EDT


-  INDICATES NEGATIVE NUMBERS.
R  INDICATES RECORD WAS SET OR TIED.
MM INDICATES DATA IS MISSING.
T  INDICATES TRACE AMOUNT.




$$
