000
CDUS46 KMTR 020845
CLISFD


CLIMATE REPORT
NATIONAL WEATHER SERVICE SAN FRANCISCO BAY AREA
145 AM PDT THU APR 2 2015


...................................

...THE SAN FRANCISCO DWTN CA CLIMATE SUMMARY FOR APRIL 1 2015...

CLIMATE NORMAL PERIOD 1981 TO 2010
CLIMATE RECORD PERIOD 1850 TO 2015


WEATHER ITEM   OBSERVED TIME   RECORD YEAR NORMAL DEPARTURE LAST
                VALUE   (LST)  VALUE       VALUE  FROM      YEAR
                                                  NORMAL
..................................................................
TEMPERATURE (F)
 YESTERDAY
  MAXIMUM         61    143 PM  83    1985  62     -1       57
  MINIMUM         49    343 AM  42    1999  49      0       46
  AVERAGE         55                        56     -1       52

PRECIPITATION (IN)
  YESTERDAY        0.00          1.46 1927   0.07  -0.07     0.89
  MONTH TO DATE    0.00                      0.07  -0.07     0.89
  SINCE OCT 1     16.04                     21.13  -5.09    11.37
  SINCE JAN 1      1.59                     12.29 -10.70     9.72

DEGREE DAYS
 HEATING
  YESTERDAY       10                        MM     MM       13
  MONTH TO DATE   10                        MM     MM       13
  SINCE MAR 1    168                        MM     MM      212
  SINCE JUL 1   1242                        MM     MM     1875

 COOLING
  YESTERDAY        0                        MM     MM        0
  MONTH TO DATE    0                         0      0        0
  SINCE MAR 1      8                         0      8        1
  SINCE JAN 1      8                         0      8        1
..................................................................







THE SAN FRANCISCO DWTN CA CLIMATE NORMALS FOR TODAY
                         NORMAL    RECORD    YEAR
 MAXIMUM TEMPERATURE (F)   62        88      1985
 MINIMUM TEMPERATURE (F)   49        43      1955


SUNRISE AND SUNSET
APRIL  2 2015.........SUNRISE   654 AM PDT   SUNSET   733 PM PDT
APRIL  3 2015.........SUNRISE   652 AM PDT   SUNSET   734 PM PDT


-  INDICATES NEGATIVE NUMBERS.
R  INDICATES RECORD WAS SET OR TIED.
MM INDICATES DATA IS MISSING.
T  INDICATES TRACE AMOUNT.




$$
